CRAN Package Check Results for Package lamle

Last updated on 2024-02-24 04:58:46 CET.

Flavor Version Tinstall Tcheck Ttotal Status Flags
r-devel-linux-x86_64-debian-clang 0.3.1 125.50 90.44 215.94 OK
r-devel-linux-x86_64-debian-gcc 0.3.1 86.45 63.00 149.45 OK
r-devel-linux-x86_64-fedora-clang 0.3.1 248.17 OK
r-devel-linux-x86_64-fedora-gcc 0.3.1 271.02 OK
r-devel-windows-x86_64 0.3.1 70.00 103.00 173.00 OK
r-patched-linux-x86_64 0.3.1 96.43 83.76 180.19 OK
r-release-linux-x86_64 0.3.1 90.18 84.10 174.28 OK
r-release-macos-arm64 0.3.1 66.00 NOTE
r-release-macos-x86_64 0.3.1 193.00 NOTE
r-release-windows-x86_64 0.3.1 93.00 121.00 214.00 OK
r-oldrel-macos-arm64 0.3.1 64.00 NOTE
r-oldrel-windows-x86_64 0.3.1 87.00 121.00 208.00 OK

Check Details

Version: 0.3.1
Check: installed package size
Result: NOTE installed size is 8.4Mb sub-directories of 1Mb or more: libs 8.2Mb Flavors: r-release-macos-arm64, r-release-macos-x86_64, r-oldrel-macos-arm64