CRAN Package Check Results for Package lactcurves

Last updated on 2024-05-18 06:16:59 CEST.

Flavor Version Tinstall Tcheck Ttotal Status Flags
r-devel-linux-x86_64-debian-clang 1.1.0 14.74 44.74 59.48 NOTE
r-devel-linux-x86_64-debian-gcc 1.1.0 14.02 32.44 46.46 NOTE
r-devel-linux-x86_64-fedora-clang 1.1.0 75.86 NOTE
r-devel-linux-x86_64-fedora-gcc 1.1.0 74.33 NOTE
r-devel-windows-x86_64 1.1.0 12.00 48.00 60.00 NOTE
r-patched-linux-x86_64 1.1.0 13.00 43.14 56.14 NOTE
r-release-linux-x86_64 1.1.0 13.38 42.02 55.40 NOTE
r-release-macos-arm64 1.1.0 24.00 NOTE
r-release-windows-x86_64 1.1.0 12.00 50.00 62.00 NOTE
r-oldrel-macos-arm64 1.1.0 25.00 NOTE
r-oldrel-macos-x86_64 1.1.0 39.00 NOTE
r-oldrel-windows-x86_64 1.1.0 17.00 53.00 70.00 NOTE

Check Details

Version: 1.1.0
Check: LazyData
Result: NOTE 'LazyData' is specified without a 'data' directory Flavors: r-devel-linux-x86_64-debian-clang, r-devel-linux-x86_64-debian-gcc, r-devel-linux-x86_64-fedora-clang, r-devel-linux-x86_64-fedora-gcc, r-devel-windows-x86_64, r-patched-linux-x86_64, r-release-linux-x86_64, r-release-macos-arm64, r-release-windows-x86_64, r-oldrel-macos-arm64, r-oldrel-macos-x86_64, r-oldrel-windows-x86_64