CRAN Package Check Results for Package lactater

Last updated on 2024-06-14 05:58:27 CEST.

Flavor Version Tinstall Tcheck Ttotal Status Flags
r-devel-linux-x86_64-debian-clang 0.2.0 3.25 42.58 45.83 OK
r-devel-linux-x86_64-debian-gcc 0.2.0 0.39 1.69 2.08 ERROR
r-devel-linux-x86_64-fedora-clang 0.2.0 59.10 OK
r-devel-linux-x86_64-fedora-gcc 0.2.0 56.34 OK
r-devel-windows-x86_64 0.2.0 5.00 60.00 65.00 OK
r-patched-linux-x86_64 0.2.0 3.08 41.85 44.93 OK
r-release-linux-x86_64 0.2.0 2.72 41.43 44.15 OK
r-release-macos-arm64 0.2.0 23.00 OK
r-release-macos-x86_64 0.2.0 32.00 OK
r-release-windows-x86_64 0.2.0 6.00 56.00 62.00 OK
r-oldrel-macos-arm64 0.2.0 25.00 OK
r-oldrel-macos-x86_64 0.2.0 70.00 OK
r-oldrel-windows-x86_64 0.2.0 7.00 64.00 71.00 OK

Check Details

Version: 0.2.0
Check: package dependencies
Result: ERROR Packages required but not available: 'broom', 'dplyr', 'ggplot2', 'ggtext', 'patchwork', 'lubridate', 'stringr', 'tidyr', 'forcats' Packages suggested but not available for checking: 'bsplus', 'datapasta', 'testthat' See section ‘The DESCRIPTION file’ in the ‘Writing R Extensions’ manual. Flavor: r-devel-linux-x86_64-debian-gcc