CRAN Package Check Results for Package labNorm

Last updated on 2024-02-25 04:51:09 CET.

Flavor Version Tinstall Tcheck Ttotal Status Flags
r-devel-linux-x86_64-debian-clang 1.0.1 42.06 172.51 214.57 NOTE
r-devel-linux-x86_64-debian-gcc 1.0.1 51.65 129.93 181.58 NOTE
r-devel-linux-x86_64-fedora-clang 1.0.1 266.60 OK
r-devel-linux-x86_64-fedora-gcc 1.0.1 263.95 OK
r-devel-windows-x86_64 1.0.1 53.00 184.00 237.00 OK
r-patched-linux-x86_64 1.0.1 40.02 165.14 205.16 OK
r-release-linux-x86_64 1.0.1 39.73 164.96 204.69 OK
r-release-macos-arm64 1.0.1 154.00 NOTE
r-release-macos-x86_64 1.0.1 203.00 NOTE
r-release-windows-x86_64 1.0.1 46.00 201.00 247.00 OK
r-oldrel-macos-arm64 1.0.1 142.00 NOTE
r-oldrel-windows-x86_64 1.0.1 45.00 190.00 235.00 OK

Check Details

Version: 1.0.1
Check: Rd files
Result: NOTE checkRd: (-1) ln_quantile_value.Rd:44: Lost braces in \itemize; \value handles \item{}{} directly checkRd: (-1) ln_quantile_value.Rd:45: Lost braces in \itemize; \value handles \item{}{} directly checkRd: (-1) ln_quantile_value.Rd:46: Lost braces in \itemize; \value handles \item{}{} directly checkRd: (-1) ln_quantile_value.Rd:47: Lost braces in \itemize; \value handles \item{}{} directly checkRd: (-1) ln_quantile_value.Rd:48: Lost braces in \itemize; \value handles \item{}{} directly checkRd: (-1) ln_quantile_value.Rd:49: Lost braces in \itemize; \value handles \item{}{} directly Flavors: r-devel-linux-x86_64-debian-clang, r-devel-linux-x86_64-debian-gcc

Version: 1.0.1
Check: installed package size
Result: NOTE installed size is 5.4Mb sub-directories of 1Mb or more: R 5.2Mb Flavors: r-release-macos-arm64, r-release-macos-x86_64, r-oldrel-macos-arm64