Last updated on 2023-12-07 04:56:26 CET.
Flavor | Version | Tinstall | Tcheck | Ttotal | Status | Flags |
---|---|---|---|---|---|---|
r-devel-linux-x86_64-debian-clang | 0.2 | 3.03 | 33.43 | 36.46 | OK | |
r-devel-linux-x86_64-debian-gcc | 0.2 | 2.30 | 26.23 | 28.53 | OK | |
r-devel-linux-x86_64-fedora-clang | 0.2 | 45.64 | OK | |||
r-devel-linux-x86_64-fedora-gcc | 0.2 | 43.48 | OK | |||
r-devel-windows-x86_64 | 0.2 | 3.00 | 49.00 | 52.00 | ERROR | |
r-patched-linux-x86_64 | 0.2 | 2.28 | 32.52 | 34.80 | OK | |
r-release-linux-x86_64 | 0.2 | 2.82 | 32.74 | 35.56 | OK | |
r-release-macos-arm64 | 0.2 | 30.00 | OK | |||
r-release-macos-x86_64 | 0.2 | 39.00 | OK | |||
r-release-windows-x86_64 | 0.2 | 5.00 | 57.00 | 62.00 | OK | |
r-oldrel-macos-arm64 | 0.2 | 30.00 | OK | |||
r-oldrel-macos-x86_64 | 0.2 | 40.00 | OK | |||
r-oldrel-windows-x86_64 | 0.2 | 5.00 | 55.00 | 60.00 | OK |
Version: 0.2
Check: examples
Result: ERROR
Running examples in 'kofdata-Ex.R' failed
The error most likely occurred in:
> ### Name: get_collection
> ### Title: Download Pre-Defined collection
> ### Aliases: get_collection
>
> ### ** Examples
>
> get_collection("ds_kmi_mixed_freq",show_progress = TRUE)
|
| | 0%
|
|======================================================================| 100%
Error in content(response, as = "text") : is.response(x) is not TRUE
Calls: get_collection -> fromJSON -> content -> stopifnot
Execution halted
Flavor: r-devel-windows-x86_64
Version: 0.2
Check: tests
Result: ERROR
Running 'testthat.R' [2s]
Running the tests in 'tests/testthat.R' failed.
Complete output:
> library(testthat)
> library(kofdata)
Loading required package: jsonlite
Loading required package: httr
>
> test_check("kofdata")
[ FAIL 9 | WARN 0 | SKIP 6 | PASS 6 ]
══ Skipped tests (6) ═══════════════════════════════════════════════════════════
• nchar(apikey) == 0 is TRUE (6): 'test_get_collection.R:13:3',
'test_get_remaining_quota.R:6:3', 'test_get_time_series.R:13:3',
'test_list_cached_files.R:6:3', 'test_list_collections.R:20:3',
'test_list_keys.R:22:3'
══ Failed tests ════════════════════════════════════════════════════════════════
── Error ('test_get_collection.R:4:3'): get_collection works for public collection ──
Error in `content(response, as = "text")`: is.response(x) is not TRUE
Backtrace:
▆
1. └─kofdata::get_collection("baro_vintages_monthly") at test_get_collection.R:4:3
2. ├─jsonlite::fromJSON(content(response, as = "text"))
3. └─httr::content(response, as = "text")
4. └─base::stopifnot(is.response(x))
── Failure ('test_get_collection.R:23:3'): get_collection errors with invalid set ──
`get_collection("some_nonexistent_set")` threw an error with unexpected message.
Expected match: "The API responded"
Actual message: "is.response(x) is not TRUE"
Backtrace:
▆
1. ├─testthat::expect_error(...) at test_get_collection.R:23:3
2. │ └─testthat:::quasi_capture(...)
3. │ ├─testthat (local) .capture(...)
4. │ │ └─base::withCallingHandlers(...)
5. │ └─rlang::eval_bare(quo_get_expr(.quo), quo_get_env(.quo))
6. └─kofdata::get_collection("some_nonexistent_set")
7. ├─jsonlite::fromJSON(content(response, as = "text"))
8. └─httr::content(response, as = "text")
9. └─base::stopifnot(is.response(x))
── Error ('test_get_metadata.R:4:3'): get_metadata works ───────────────────────
Error: lexical error: invalid char in json text.
<html> <head><title>503 Servic
(right here) ------^
Backtrace:
▆
1. └─kofdata::get_metadata(...) at test_get_metadata.R:4:3
2. └─jsonlite::fromJSON(content(response, as = "text"))
3. └─jsonlite:::parse_and_simplify(...)
4. └─jsonlite:::parseJSON(txt, bigint_as_char)
5. └─jsonlite:::parse_string(txt, bigint_as_char)
── Error ('test_get_metadata.R:12:3'): get_metadata returns NA for nonexistent keys ──
Error: lexical error: invalid char in json text.
<html> <head><title>503 Servic
(right here) ------^
Backtrace:
▆
1. ├─testthat::expect_true(is.na(get_metadata("nokey")[["nokey"]])) at test_get_metadata.R:12:3
2. │ └─testthat::quasi_label(enquo(object), label, arg = "object")
3. │ └─rlang::eval_bare(expr, quo_get_env(quo))
4. └─kofdata::get_metadata("nokey")
5. └─jsonlite::fromJSON(content(response, as = "text"))
6. └─jsonlite:::parse_and_simplify(...)
7. └─jsonlite:::parseJSON(txt, bigint_as_char)
8. └─jsonlite:::parse_string(txt, bigint_as_char)
── Error ('test_get_metadata.R:16:3'): get_metadata returns a list ─────────────
Error: lexical error: invalid char in json text.
<html> <head><title>503 Servic
(right here) ------^
Backtrace:
▆
1. ├─testthat::expect_is(...) at test_get_metadata.R:16:3
2. │ └─testthat::quasi_label(enquo(object), label, arg = "object")
3. │ └─rlang::eval_bare(expr, quo_get_env(quo))
4. └─kofdata::get_metadata("ch.kof.inu.ng08.fx.sector_kof.cm.q_ql_chg_price_sales_p3m.share_eq")
5. └─jsonlite::fromJSON(content(response, as = "text"))
6. └─jsonlite:::parse_and_simplify(...)
7. └─jsonlite:::parseJSON(txt, bigint_as_char)
8. └─jsonlite:::parse_string(txt, bigint_as_char)
── Error ('test_get_time_series.R:4:3'): get_time_series works for public series ──
Error in `content(response, as = "text")`: is.response(x) is not TRUE
Backtrace:
▆
1. └─kofdata::get_time_series("kofbarometer", show_progress = F) at test_get_time_series.R:4:3
2. ├─jsonlite::fromJSON(content(response, as = "text"))
3. └─httr::content(response, as = "text")
4. └─base::stopifnot(is.response(x))
── Failure ('test_get_time_series.R:24:3'): get_time_series errors on invalid key ──
`get_time_series("some_nonexistent_key", show_progress = F)` threw an error with unexpected message.
Expected match: "The API responded"
Actual message: "is.response(x) is not TRUE"
Backtrace:
▆
1. ├─testthat::expect_error(...) at test_get_time_series.R:24:3
2. │ └─testthat:::quasi_capture(...)
3. │ ├─testthat (local) .capture(...)
4. │ │ └─base::withCallingHandlers(...)
5. │ └─rlang::eval_bare(quo_get_expr(.quo), quo_get_env(.quo))
6. └─kofdata::get_time_series("some_nonexistent_key", show_progress = F)
7. ├─jsonlite::fromJSON(content(response, as = "text"))
8. └─httr::content(response, as = "text")
9. └─base::stopifnot(is.response(x))
── Error ('test_list_collections.R:4:3'): list_available_collections works ─────
Error in `list_available_collections()`: An error occurred when calling the api:
Status: 503
Content:<html>
<head><title>503 Service Temporarily Unavailable</title></head>
<body>
<center><h1>503 Service Temporarily Unavailable</h1></center>
<hr><center>nginx</center>
</body>
</html>
Backtrace:
▆
1. └─kofdata::list_available_collections() at test_list_collections.R:4:3
── Error ('test_list_keys.R:5:3'): list_keys_in_collection works ───────────────
Error in `list_available_collections()`: An error occurred when calling the api:
Status: 503
Content:<html>
<head><title>503 Service Temporarily Unavailable</title></head>
<body>
<center><h1>503 Service Temporarily Unavailable</h1></center>
<hr><center>nginx</center>
</body>
</html>
Backtrace:
▆
1. └─kofdata::list_available_collections() at test_list_keys.R:5:3
[ FAIL 9 | WARN 0 | SKIP 6 | PASS 6 ]
Error: Test failures
Execution halted
Flavor: r-devel-windows-x86_64