CRAN Package Check Results for Package knitrdata

Last updated on 2024-02-23 05:07:23 CET.

Flavor Version Tinstall Tcheck Ttotal Status Flags
r-devel-linux-x86_64-debian-clang 0.6.1 NOTE
r-devel-linux-x86_64-debian-gcc 0.6.1 2.43 38.86 41.29 NOTE
r-devel-linux-x86_64-fedora-clang 0.6.1 66.62 NOTE
r-devel-linux-x86_64-fedora-gcc 0.6.1 75.40 NOTE
r-devel-windows-x86_64 0.6.1 4.00 69.00 73.00 NOTE
r-patched-linux-x86_64 0.6.1 2.88 47.48 50.36 NOTE
r-release-linux-x86_64 0.6.1 2.72 47.64 50.36 NOTE
r-release-macos-arm64 0.6.1 36.00 NOTE
r-release-macos-x86_64 0.6.1 51.00 NOTE
r-release-windows-x86_64 0.6.1 4.00 68.00 72.00 NOTE
r-oldrel-macos-arm64 0.6.1 27.00 NOTE
r-oldrel-windows-x86_64 0.6.1 5.00 69.00 74.00 NOTE

Check Details

Version: 0.6.1
Check: LazyData
Result: NOTE 'LazyData' is specified without a 'data' directory Flavors: r-devel-linux-x86_64-debian-clang, r-devel-linux-x86_64-debian-gcc, r-devel-linux-x86_64-fedora-clang, r-devel-linux-x86_64-fedora-gcc, r-devel-windows-x86_64, r-patched-linux-x86_64, r-release-linux-x86_64, r-release-macos-arm64, r-release-macos-x86_64, r-release-windows-x86_64, r-oldrel-macos-arm64, r-oldrel-windows-x86_64

Version: 0.6.1
Check: dependencies in R code
Result: NOTE Namespace in Imports field not imported from: ‘methods’ All declared Imports should be used. Flavors: r-devel-linux-x86_64-fedora-clang, r-devel-linux-x86_64-fedora-gcc, r-oldrel-macos-arm64