CRAN Package Check Results for Package knitLatex

Last updated on 2024-05-29 05:59:23 CEST.

Flavor Version Tinstall Tcheck Ttotal Status Flags
r-devel-linux-x86_64-debian-clang 0.9.0 2.36 24.71 27.07 NOTE
r-devel-linux-x86_64-debian-gcc 0.9.0 1.59 19.92 21.51 NOTE
r-devel-linux-x86_64-fedora-clang 0.9.0 37.42 NOTE
r-devel-linux-x86_64-fedora-gcc 0.9.0 62.03 NOTE
r-devel-windows-x86_64 0.9.0 3.00 45.00 48.00 NOTE
r-patched-linux-x86_64 0.9.0 2.22 24.11 26.33 NOTE
r-release-linux-x86_64 0.9.0 1.90 24.61 26.51 NOTE
r-release-macos-arm64 0.9.0 27.00 NOTE
r-release-windows-x86_64 0.9.0 3.00 43.00 46.00 NOTE
r-oldrel-macos-arm64 0.9.0 27.00 NOTE
r-oldrel-macos-x86_64 0.9.0 41.00 NOTE
r-oldrel-windows-x86_64 0.9.0 4.00 43.00 47.00 NOTE

Check Details

Version: 0.9.0
Check: LazyData
Result: NOTE 'LazyData' is specified without a 'data' directory Flavors: r-devel-linux-x86_64-debian-clang, r-devel-linux-x86_64-debian-gcc, r-devel-linux-x86_64-fedora-clang, r-devel-linux-x86_64-fedora-gcc, r-devel-windows-x86_64, r-patched-linux-x86_64, r-release-linux-x86_64, r-release-macos-arm64, r-release-windows-x86_64, r-oldrel-macos-arm64, r-oldrel-macos-x86_64, r-oldrel-windows-x86_64