Last updated on 2023-12-07 04:56:26 CET.
Flavor | Version | Tinstall | Tcheck | Ttotal | Status | Flags |
---|---|---|---|---|---|---|
r-devel-linux-x86_64-debian-clang | 1.1.2 | 24.83 | 50.45 | 75.28 | NOTE | |
r-devel-linux-x86_64-debian-gcc | 1.1.2 | 15.91 | 38.41 | 54.32 | NOTE | |
r-devel-linux-x86_64-fedora-clang | 1.1.2 | 98.49 | NOTE | |||
r-devel-linux-x86_64-fedora-gcc | 1.1.2 | 106.82 | NOTE | |||
r-devel-windows-x86_64 | 1.1.2 | 21.00 | 81.00 | 102.00 | NOTE | |
r-patched-linux-x86_64 | 1.1.2 | 21.81 | 48.35 | 70.16 | NOTE | |
r-release-linux-x86_64 | 1.1.2 | 19.34 | 49.08 | 68.42 | NOTE | |
r-release-macos-arm64 | 1.1.2 | 35.00 | NOTE | |||
r-release-macos-x86_64 | 1.1.2 | 63.00 | NOTE | |||
r-release-windows-x86_64 | 1.1.2 | 25.00 | 89.00 | 114.00 | NOTE | |
r-oldrel-macos-arm64 | 1.1.2 | 32.00 | NOTE | |||
r-oldrel-macos-x86_64 | 1.1.2 | 40.00 | NOTE | |||
r-oldrel-windows-x86_64 | 1.1.2 | 24.00 | 87.00 | 111.00 | NOTE |
Version: 1.1.2
Check: C++ specification
Result: NOTE
Specified C++11: please drop specification unless essential
Flavors: r-devel-linux-x86_64-debian-clang, r-devel-linux-x86_64-debian-gcc, r-devel-linux-x86_64-fedora-clang, r-devel-linux-x86_64-fedora-gcc, r-devel-windows-x86_64, r-patched-linux-x86_64, r-release-linux-x86_64, r-release-macos-arm64, r-release-macos-x86_64, r-release-windows-x86_64
Version: 1.1.2
Check: LazyData
Result: NOTE
'LazyData' is specified without a 'data' directory
Flavors: r-devel-linux-x86_64-debian-clang, r-devel-linux-x86_64-debian-gcc, r-devel-linux-x86_64-fedora-clang, r-devel-linux-x86_64-fedora-gcc, r-devel-windows-x86_64, r-patched-linux-x86_64, r-release-linux-x86_64, r-release-macos-arm64, r-release-macos-x86_64, r-release-windows-x86_64, r-oldrel-macos-arm64, r-oldrel-macos-x86_64, r-oldrel-windows-x86_64