Last updated on 2023-12-04 05:09:09 CET.
Flavor | Version | Tinstall | Tcheck | Ttotal | Status | Flags |
---|---|---|---|---|---|---|
r-devel-linux-x86_64-debian-clang | 0.4-2 | 31.41 | 81.95 | 113.36 | NOTE | |
r-devel-linux-x86_64-debian-gcc | 0.4-2 | 21.39 | 62.55 | 83.94 | NOTE | |
r-devel-linux-x86_64-fedora-clang | 0.4-2 | 146.70 | OK | |||
r-devel-linux-x86_64-fedora-gcc | 0.4-2 | 139.36 | OK | |||
r-devel-windows-x86_64 | 0.4-2 | 27.00 | 96.00 | 123.00 | OK | |
r-patched-linux-x86_64 | 0.4-2 | 27.75 | 73.38 | 101.13 | OK | |
r-release-linux-x86_64 | 0.4-2 | 26.16 | 79.97 | 106.13 | OK | |
r-release-macos-arm64 | 0.4-2 | 35.00 | OK | |||
r-release-macos-x86_64 | 0.4-2 | 71.00 | OK | |||
r-release-windows-x86_64 | 0.4-2 | 35.00 | 112.00 | 147.00 | OK | |
r-oldrel-macos-arm64 | 0.4-2 | 41.00 | OK | |||
r-oldrel-macos-x86_64 | 0.4-2 | 59.00 | OK | |||
r-oldrel-windows-x86_64 | 0.4-2 | 33.00 | 109.00 | 142.00 | OK |
Version: 0.4-2
Check: Rd files
Result: NOTE
checkRd: (-1) plotkmc.Rd:21: Lost braces; missing escapes or markup?
21 | list of two functions,flist=list( f1=function( x ) { x } ,f2=function( x ) { x^2 } )
| ^
checkRd: (-1) plotkmc.Rd:21: Lost braces; missing escapes or markup?
21 | list of two functions,flist=list( f1=function( x ) { x } ,f2=function( x ) { x^2 } )
| ^
Flavors: r-devel-linux-x86_64-debian-clang, r-devel-linux-x86_64-debian-gcc