CRAN Package Check Results for Package klsh

Last updated on 2023-12-09 04:50:56 CET.

Flavor Version Tinstall Tcheck Ttotal Status Flags
r-devel-linux-x86_64-debian-clang 0.1.0 2.24 227.83 230.07 NOTE
r-devel-linux-x86_64-debian-gcc 0.1.0 2.03 163.97 166.00 NOTE
r-devel-linux-x86_64-fedora-clang 0.1.0 297.75 NOTE
r-devel-linux-x86_64-fedora-gcc 0.1.0 306.96 NOTE
r-devel-windows-x86_64 0.1.0 4.00 197.00 201.00 NOTE
r-patched-linux-x86_64 0.1.0 3.17 222.92 226.09 NOTE
r-release-linux-x86_64 0.1.0 2.83 214.38 217.21 NOTE
r-release-macos-arm64 0.1.0 87.00 NOTE
r-release-macos-x86_64 0.1.0 159.00 NOTE
r-release-windows-x86_64 0.1.0 4.00 235.00 239.00 NOTE
r-oldrel-macos-arm64 0.1.0 77.00 NOTE
r-oldrel-macos-x86_64 0.1.0 110.00 NOTE
r-oldrel-windows-x86_64 0.1.0 4.00 232.00 236.00 NOTE

Check Details

Version: 0.1.0
Check: LazyData
Result: NOTE 'LazyData' is specified without a 'data' directory Flavors: r-devel-linux-x86_64-debian-clang, r-devel-linux-x86_64-debian-gcc, r-devel-linux-x86_64-fedora-clang, r-devel-linux-x86_64-fedora-gcc, r-devel-windows-x86_64, r-patched-linux-x86_64, r-release-linux-x86_64, r-release-macos-arm64, r-release-macos-x86_64, r-release-windows-x86_64, r-oldrel-macos-arm64, r-oldrel-macos-x86_64, r-oldrel-windows-x86_64

Version: 0.1.0
Check: dependencies in R code
Result: NOTE Namespaces in Imports field not imported from: ‘Rcpp’ ‘SnowballC’ ‘stringi’ All declared Imports should be used. Flavors: r-devel-linux-x86_64-fedora-clang, r-devel-linux-x86_64-fedora-gcc, r-oldrel-macos-x86_64