Last updated on 2023-12-07 04:56:26 CET.
Flavor | Version | Tinstall | Tcheck | Ttotal | Status | Flags |
---|---|---|---|---|---|---|
r-devel-linux-x86_64-debian-clang | 1.7-2 | 15.26 | 136.78 | 152.04 | NOTE | |
r-devel-linux-x86_64-debian-gcc | 1.7-2 | 11.66 | 99.29 | 110.95 | NOTE | |
r-devel-linux-x86_64-fedora-clang | 1.7-2 | 189.68 | OK | |||
r-devel-linux-x86_64-fedora-gcc | 1.7-2 | 178.64 | OK | |||
r-devel-windows-x86_64 | 1.7-2 | 15.00 | 123.00 | 138.00 | OK | |
r-patched-linux-x86_64 | 1.7-2 | 11.94 | 123.17 | 135.11 | OK | |
r-release-linux-x86_64 | 1.7-2 | 11.08 | 126.81 | 137.89 | OK | |
r-release-macos-arm64 | 1.7-2 | 52.00 | OK | |||
r-release-macos-x86_64 | 1.7-2 | 82.00 | OK | |||
r-release-windows-x86_64 | 1.7-2 | 18.00 | 148.00 | 166.00 | OK | |
r-oldrel-macos-arm64 | 1.7-2 | 36.00 | OK | |||
r-oldrel-macos-x86_64 | 1.7-2 | 68.00 | OK | |||
r-oldrel-windows-x86_64 | 1.7-2 | 19.00 | 148.00 | 167.00 | OK |
Version: 1.7-2
Check: Rd files
Result: NOTE
checkRd: (-1) pvs.Rd:71-73: Lost braces in \itemize; meant \describe ?
checkRd: (-1) pvs.Rd:74-75: Lost braces in \itemize; meant \describe ?
Flavors: r-devel-linux-x86_64-debian-clang, r-devel-linux-x86_64-debian-gcc