Last updated on 2023-11-29 04:57:25 CET.
Flavor | Version | Tinstall | Tcheck | Ttotal | Status | Flags |
---|---|---|---|---|---|---|
r-devel-linux-x86_64-debian-clang | 1.0.0 | 3.60 | 42.43 | 46.03 | NOTE | |
r-devel-linux-x86_64-debian-gcc | 1.0.0 | 3.88 | 32.40 | 36.28 | NOTE | |
r-devel-linux-x86_64-fedora-clang | 1.0.0 | 58.04 | NOTE | |||
r-devel-linux-x86_64-fedora-gcc | 1.0.0 | 55.92 | NOTE | |||
r-devel-windows-x86_64 | 1.0.0 | 4.00 | 51.00 | 55.00 | NOTE | |
r-patched-linux-x86_64 | 1.0.0 | 4.88 | 41.44 | 46.32 | NOTE | |
r-release-linux-x86_64 | 1.0.0 | 4.95 | 41.47 | 46.42 | NOTE | |
r-release-macos-arm64 | 1.0.0 | 22.00 | NOTE | |||
r-release-macos-x86_64 | 1.0.0 | 32.00 | NOTE | |||
r-release-windows-x86_64 | 1.0.0 | 5.00 | 56.00 | 61.00 | NOTE | |
r-oldrel-macos-arm64 | 1.0.0 | 23.00 | NOTE | |||
r-oldrel-macos-x86_64 | 1.0.0 | 29.00 | NOTE | |||
r-oldrel-windows-x86_64 | 1.0.0 | 6.00 | 60.00 | 66.00 | NOTE |
Version: 1.0.0
Check: Rd files
Result: NOTE
checkRd: (-1) kfda.Rd:26: Lost braces
26 | \item{kpca.train}{An object of class "kpca". It has results of \code{kpca} function. (see{\code{\link[kernlab]{kpca}}} (in package \pkg{kernlab}))}
| ^
Flavors: r-devel-linux-x86_64-debian-clang, r-devel-linux-x86_64-debian-gcc
Version: 1.0.0
Check: LazyData
Result: NOTE
'LazyData' is specified without a 'data' directory
Flavors: r-devel-linux-x86_64-debian-clang, r-devel-linux-x86_64-debian-gcc, r-devel-linux-x86_64-fedora-clang, r-devel-linux-x86_64-fedora-gcc, r-devel-windows-x86_64, r-patched-linux-x86_64, r-release-linux-x86_64, r-release-macos-arm64, r-release-macos-x86_64, r-release-windows-x86_64, r-oldrel-macos-arm64, r-oldrel-macos-x86_64, r-oldrel-windows-x86_64