Last updated on 2023-11-28 04:57:22 CET.
Flavor | Version | Tinstall | Tcheck | Ttotal | Status | Flags |
---|---|---|---|---|---|---|
r-devel-linux-x86_64-debian-clang | 0.9-32 | 57.81 | 186.96 | 244.77 | NOTE | |
r-devel-linux-x86_64-debian-gcc | 0.9-32 | 35.95 | 140.10 | 176.05 | NOTE | |
r-devel-linux-x86_64-fedora-clang | 0.9-32 | 323.28 | OK | |||
r-devel-linux-x86_64-fedora-gcc | 0.9-32 | 316.18 | OK | |||
r-devel-windows-x86_64 | 0.9-32 | 54.00 | 195.00 | 249.00 | OK | |
r-patched-linux-x86_64 | 0.9-32 | 56.20 | 180.54 | 236.74 | OK | |
r-release-linux-x86_64 | 0.9-32 | 51.46 | 179.07 | 230.53 | OK | |
r-release-macos-arm64 | 0.9-32 | 101.00 | OK | |||
r-release-macos-x86_64 | 0.9-32 | 168.00 | OK | |||
r-release-windows-x86_64 | 0.9-32 | 60.00 | 229.00 | 289.00 | OK | |
r-oldrel-macos-arm64 | 0.9-32 | 83.00 | OK | |||
r-oldrel-macos-x86_64 | 0.9-32 | 128.00 | OK | |||
r-oldrel-windows-x86_64 | 0.9-32 | 238.00 | 266.00 | 504.00 | OK |
Version: 0.9-32
Check: Rd files
Result: NOTE
checkRd: (-1) ipop-class.Rd:28: Lost braces
28 | \item{primal}{Object of class \code{ipop}}{Return the primal of the problem}
| ^
checkRd: (-1) ipop-class.Rd:29: Lost braces
29 | \item{dual}{Object of class \code{ipop}}{Return the dual of the problem}
| ^
checkRd: (-1) ipop-class.Rd:30: Lost braces
30 | \item{how}{Object of class \code{ipop}}{Return information on convergence}
| ^
Flavors: r-devel-linux-x86_64-debian-clang, r-devel-linux-x86_64-debian-gcc