Last updated on 2023-09-26 06:09:06 CEST.
Flavor | Version | Tinstall | Tcheck | Ttotal | Status | Flags |
---|---|---|---|---|---|---|
r-devel-linux-x86_64-debian-clang | 1.0 | 3.62 | 35.58 | 39.20 | NOTE | |
r-devel-linux-x86_64-debian-gcc | 1.0 | 2.64 | 26.82 | 29.46 | NOTE | |
r-devel-linux-x86_64-fedora-clang | 1.0 | 47.16 | NOTE | |||
r-devel-linux-x86_64-fedora-gcc | 1.0 | 46.13 | NOTE | |||
r-devel-windows-x86_64 | 1.0 | 3.00 | 48.00 | 51.00 | NOTE | |
r-patched-linux-x86_64 | 1.0 | 3.38 | 34.39 | 37.77 | NOTE | |
r-release-linux-x86_64 | 1.0 | 3.83 | 34.40 | 38.23 | NOTE | |
r-release-macos-arm64 | 1.0 | 18.00 | OK | |||
r-release-macos-x86_64 | 1.0 | 25.00 | OK | |||
r-release-windows-x86_64 | 1.0 | 4.00 | 49.00 | 53.00 | OK | |
r-oldrel-macos-arm64 | 1.0 | 21.00 | OK | |||
r-oldrel-macos-x86_64 | 1.0 | 27.00 | OK | |||
r-oldrel-windows-x86_64 | 1.0 | 5.00 | 53.00 | 58.00 | OK |
Version: 1.0
Check: Rd metadata
Result: NOTE
Rd files without \alias:
‘karaoke-package.Rd’
Flavors: r-devel-linux-x86_64-debian-clang, r-devel-linux-x86_64-debian-gcc, r-devel-linux-x86_64-fedora-clang, r-devel-linux-x86_64-fedora-gcc, r-devel-windows-x86_64
Version: 1.0
Check: for non-standard things in the check directory
Result: NOTE
Found the following files/directories:
‘song.wav’ ‘song4karaoke.wav’
Flavors: r-devel-linux-x86_64-debian-clang, r-devel-linux-x86_64-debian-gcc, r-devel-linux-x86_64-fedora-clang, r-devel-linux-x86_64-fedora-gcc, r-patched-linux-x86_64, r-release-linux-x86_64