Last updated on 2023-12-02 04:52:17 CET.
Flavor | Version | Tinstall | Tcheck | Ttotal | Status | Flags |
---|---|---|---|---|---|---|
r-devel-linux-x86_64-debian-clang | 1.3.4 | 8.23 | 99.24 | 107.47 | NOTE | |
r-devel-linux-x86_64-debian-gcc | 1.3.4 | 7.36 | 76.86 | 84.22 | NOTE | |
r-devel-linux-x86_64-fedora-clang | 1.3.4 | 134.38 | NOTE | |||
r-devel-linux-x86_64-fedora-gcc | 1.3.4 | 141.37 | NOTE | |||
r-devel-windows-x86_64 | 1.3.4 | 12.00 | 124.00 | 136.00 | NOTE | |
r-patched-linux-x86_64 | 1.3.4 | 10.88 | 97.87 | 108.75 | NOTE | |
r-release-linux-x86_64 | 1.3.4 | 9.10 | 98.19 | 107.29 | NOTE | |
r-release-macos-arm64 | 1.3.4 | 58.00 | NOTE | |||
r-release-macos-x86_64 | 1.3.4 | 86.00 | NOTE | |||
r-release-windows-x86_64 | 1.3.4 | 13.00 | 128.00 | 141.00 | NOTE | |
r-oldrel-macos-arm64 | 1.3.4 | 44.00 | NOTE | |||
r-oldrel-macos-x86_64 | 1.3.4 | 58.00 | NOTE | |||
r-oldrel-windows-x86_64 | 1.3.4 | 14.00 | 132.00 | 146.00 | NOTE |
Version: 1.3.4
Check: LazyData
Result: NOTE
'LazyData' is specified without a 'data' directory
Flavors: r-devel-linux-x86_64-debian-clang, r-devel-linux-x86_64-debian-gcc, r-devel-linux-x86_64-fedora-clang, r-devel-linux-x86_64-fedora-gcc, r-devel-windows-x86_64, r-patched-linux-x86_64, r-release-linux-x86_64, r-release-macos-arm64, r-release-macos-x86_64, r-release-windows-x86_64, r-oldrel-macos-arm64, r-oldrel-macos-x86_64, r-oldrel-windows-x86_64