CRAN Package Check Results for Package juicr

Last updated on 2024-02-29 04:54:18 CET.

Flavor Version Tinstall Tcheck Ttotal Status Flags
r-devel-linux-x86_64-debian-clang 0.1 11.09 81.89 92.98 NOTE
r-devel-linux-x86_64-debian-gcc 0.1 7.81 60.67 68.48 NOTE
r-devel-linux-x86_64-fedora-clang 0.1 114.75 NOTE
r-devel-linux-x86_64-fedora-gcc 0.1 109.51 NOTE
r-devel-windows-x86_64 0.1 9.00 66.00 75.00 NOTE
r-patched-linux-x86_64 0.1 10.20 70.25 80.45 NOTE
r-release-linux-x86_64 0.1 8.29 70.57 78.86 NOTE
r-release-macos-arm64 0.1 38.00 NOTE
r-release-macos-x86_64 0.1 65.00 NOTE
r-release-windows-x86_64 0.1 10.00 79.00 89.00 NOTE
r-oldrel-macos-arm64 0.1 64.00 OK
r-oldrel-windows-x86_64 0.1 12.00 76.00 88.00 OK

Check Details

Version: 0.1
Check: package subdirectories
Result: NOTE Problems with news in ‘NEWS.md’: Cannot extract version info from the following section titles: pre-release juicr (2017 - 2021) Flavors: r-devel-linux-x86_64-debian-clang, r-devel-linux-x86_64-debian-gcc, r-devel-linux-x86_64-fedora-clang, r-devel-linux-x86_64-fedora-gcc, r-devel-windows-x86_64, r-patched-linux-x86_64, r-release-linux-x86_64, r-release-macos-arm64, r-release-macos-x86_64, r-release-windows-x86_64