CRAN Package Check Results for Package jubilee

Last updated on 2024-02-29 04:54:18 CET.

Flavor Version Tinstall Tcheck Ttotal Status Flags
r-devel-linux-x86_64-debian-clang 0.3.3 8.76 92.98 101.74 NOTE
r-devel-linux-x86_64-debian-gcc 0.3.3 7.34 71.38 78.72 NOTE
r-devel-linux-x86_64-fedora-clang 0.3.3 128.38 NOTE
r-devel-linux-x86_64-fedora-gcc 0.3.3 143.49 NOTE
r-devel-windows-x86_64 0.3.3 9.00 132.00 141.00 NOTE
r-patched-linux-x86_64 0.3.3 6.08 90.86 96.94 NOTE
r-release-linux-x86_64 0.3.3 5.36 91.38 96.74 NOTE
r-release-macos-arm64 0.3.3 47.00 NOTE
r-release-macos-x86_64 0.3.3 83.00 NOTE
r-release-windows-x86_64 0.3.3 12.00 138.00 150.00 NOTE
r-oldrel-macos-arm64 0.3.3 42.00 NOTE
r-oldrel-windows-x86_64 0.3.3 12.00 140.00 152.00 NOTE

Check Details

Version: 0.3.3
Check: LazyData
Result: NOTE 'LazyData' is specified without a 'data' directory Flavors: r-devel-linux-x86_64-debian-clang, r-devel-linux-x86_64-debian-gcc, r-devel-linux-x86_64-fedora-clang, r-devel-linux-x86_64-fedora-gcc, r-devel-windows-x86_64, r-patched-linux-x86_64, r-release-linux-x86_64, r-release-macos-arm64, r-release-macos-x86_64, r-release-windows-x86_64, r-oldrel-macos-arm64, r-oldrel-windows-x86_64