Last updated on 2023-12-11 04:51:09 CET.
Flavor | Version | Tinstall | Tcheck | Ttotal | Status | Flags |
---|---|---|---|---|---|---|
r-devel-linux-x86_64-debian-clang | 2.2.2 | 13.37 | 191.59 | 204.96 | NOTE | |
r-devel-linux-x86_64-debian-gcc | 2.2.2 | 12.48 | 141.74 | 154.22 | NOTE | |
r-devel-linux-x86_64-fedora-clang | 2.2.2 | 251.87 | OK | |||
r-devel-linux-x86_64-fedora-gcc | 2.2.2 | 308.62 | OK | |||
r-devel-windows-x86_64 | 2.2.2 | 14.00 | 158.00 | 172.00 | OK | |
r-patched-linux-x86_64 | 2.2.2 | 16.94 | 183.81 | 200.75 | OK | |
r-release-linux-x86_64 | 2.2.2 | 11.31 | 180.91 | 192.22 | OK | |
r-release-macos-arm64 | 2.2.2 | 82.00 | OK | |||
r-release-macos-x86_64 | 2.2.2 | 144.00 | OK | |||
r-release-windows-x86_64 | 2.2.2 | 21.00 | 199.00 | 220.00 | OK | |
r-oldrel-macos-arm64 | 2.2.2 | 78.00 | OK | |||
r-oldrel-macos-x86_64 | 2.2.2 | 110.00 | OK | |||
r-oldrel-windows-x86_64 | 2.2.2 | 19.00 | 191.00 | 210.00 | OK |
Version: 2.2.2
Check: Rd files
Result: NOTE
checkRd: (-1) export_summs.Rd:26: Lost braces; missing escapes or markup?
26 | Default: "({std.error})"}
| ^
Flavors: r-devel-linux-x86_64-debian-clang, r-devel-linux-x86_64-debian-gcc