Last updated on 2023-11-29 04:57:25 CET.
Flavor | Version | Tinstall | Tcheck | Ttotal | Status | Flags |
---|---|---|---|---|---|---|
r-devel-linux-x86_64-debian-clang | 0.1.3 | 2.00 | 20.60 | 22.60 | NOTE | |
r-devel-linux-x86_64-debian-gcc | 0.1.3 | 1.52 | 16.31 | 17.83 | NOTE | |
r-devel-linux-x86_64-fedora-clang | 0.1.3 | 28.66 | NOTE | |||
r-devel-linux-x86_64-fedora-gcc | 0.1.3 | 27.18 | NOTE | |||
r-devel-windows-x86_64 | 0.1.3 | 3.00 | 46.00 | 49.00 | NOTE | |
r-patched-linux-x86_64 | 0.1.3 | 2.10 | 20.32 | 22.42 | NOTE | |
r-release-linux-x86_64 | 0.1.3 | 1.69 | 20.28 | 21.97 | NOTE | |
r-release-macos-arm64 | 0.1.3 | 16.00 | NOTE | |||
r-release-macos-x86_64 | 0.1.3 | 20.00 | NOTE | |||
r-release-windows-x86_64 | 0.1.3 | 2.00 | 42.00 | 44.00 | NOTE | |
r-oldrel-macos-arm64 | 0.1.3 | 17.00 | NOTE | |||
r-oldrel-macos-x86_64 | 0.1.3 | 22.00 | NOTE | |||
r-oldrel-windows-x86_64 | 0.1.3 | 3.00 | 45.00 | 48.00 | NOTE |
Version: 0.1.3
Check: LazyData
Result: NOTE
'LazyData' is specified without a 'data' directory
Flavors: r-devel-linux-x86_64-debian-clang, r-devel-linux-x86_64-debian-gcc, r-devel-linux-x86_64-fedora-clang, r-devel-linux-x86_64-fedora-gcc, r-devel-windows-x86_64, r-patched-linux-x86_64, r-release-linux-x86_64, r-release-macos-arm64, r-release-macos-x86_64, r-release-windows-x86_64, r-oldrel-macos-arm64, r-oldrel-macos-x86_64, r-oldrel-windows-x86_64