CRAN Package Check Results for Package jrt

Last updated on 2024-03-02 04:48:25 CET.

Flavor Version Tinstall Tcheck Ttotal Status Flags
r-devel-linux-x86_64-debian-clang 1.1.2 14.49 239.18 253.67 NOTE
r-devel-linux-x86_64-debian-gcc 1.1.2 11.37 176.85 188.22 NOTE
r-devel-linux-x86_64-fedora-clang 1.1.2 308.64 NOTE
r-devel-linux-x86_64-fedora-gcc 1.1.2 316.83 NOTE
r-devel-windows-x86_64 1.1.2 14.00 191.00 205.00 OK
r-patched-linux-x86_64 1.1.2 11.01 236.35 247.36 OK
r-release-linux-x86_64 1.1.2 11.61 232.74 244.35 OK
r-release-macos-arm64 1.1.2 93.00 OK
r-release-macos-x86_64 1.1.2 167.00 OK
r-release-windows-x86_64 1.1.2 20.00 236.00 256.00 OK
r-oldrel-macos-arm64 1.1.2 101.00 OK
r-oldrel-windows-x86_64 1.1.2 18.00 229.00 247.00 OK

Check Details

Version: 1.1.2
Check: Rd files
Result: NOTE checkRd: (-1) jrt.Rd:45-46: Lost braces 45 | \item{Difference models (more or less constrained versions of the | ^ checkRd: (-1) jrt.Rd:54-55: Lost braces 54 | \item{Divide-by-total models (more or less constrained versions of the | ^ Flavors: r-devel-linux-x86_64-debian-clang, r-devel-linux-x86_64-debian-gcc, r-devel-linux-x86_64-fedora-clang, r-devel-linux-x86_64-fedora-gcc