CRAN Package Check Results for Package jquerylib

Last updated on 2024-06-14 05:58:26 CEST.

Flavor Version Tinstall Tcheck Ttotal Status Flags
r-devel-linux-x86_64-debian-clang 0.1.4 2.68 28.42 31.10 OK
r-devel-linux-x86_64-debian-gcc 0.1.4 1.76 20.85 22.61 ERROR
r-devel-linux-x86_64-fedora-clang 0.1.4 39.02 OK
r-devel-linux-x86_64-fedora-gcc 0.1.4 36.46 OK
r-devel-windows-x86_64 0.1.4 4.00 43.00 47.00 OK
r-patched-linux-x86_64 0.1.4 3.15 27.73 30.88 OK
r-release-linux-x86_64 0.1.4 2.70 27.50 30.20 OK
r-release-macos-arm64 0.1.4 18.00 OK
r-release-macos-x86_64 0.1.4 25.00 OK
r-release-windows-x86_64 0.1.4 4.00 44.00 48.00 OK
r-oldrel-macos-arm64 0.1.4 17.00 OK
r-oldrel-macos-x86_64 0.1.4 24.00 OK
r-oldrel-windows-x86_64 0.1.4 5.00 45.00 50.00 OK

Check Details

Version: 0.1.4
Check: package dependencies
Result: NOTE Package suggested but not available for checking: ‘testthat’ Flavor: r-devel-linux-x86_64-debian-gcc

Version: 0.1.4
Check: tests
Result: ERROR Running ‘testthat.R’ [0s/0s] Running the tests in ‘tests/testthat.R’ failed. Complete output: > library(testthat) Error in library(testthat) : there is no package called 'testthat' Execution halted Flavor: r-devel-linux-x86_64-debian-gcc