CRAN Package Check Results for Package jmv

Last updated on 2024-07-14 05:53:34 CEST.

Flavor Version Tinstall Tcheck Ttotal Status Flags
r-devel-linux-x86_64-debian-clang 2.5.6 107.66 180.49 288.15 OK
r-devel-linux-x86_64-debian-gcc 2.5.6 81.66 127.98 209.64 OK
r-devel-linux-x86_64-fedora-clang 2.5.6 393.95 NOTE
r-devel-linux-x86_64-fedora-gcc 2.5.6 344.81 NOTE
r-devel-windows-x86_64 2.5.6 83.00 143.00 226.00 NOTE
r-patched-linux-x86_64 2.5.6 94.41 176.37 270.78 OK
r-release-linux-x86_64 2.5.6 85.34 167.48 252.82 OK
r-release-macos-arm64 2.5.6 56.00 NOTE
r-release-macos-x86_64 2.5.6 113.00 NOTE
r-release-windows-x86_64 2.5.6 84.00 140.00 224.00 NOTE
r-oldrel-macos-arm64 2.5.6 86.00 NOTE
r-oldrel-macos-x86_64 2.5.6 125.00 NOTE
r-oldrel-windows-x86_64 2.5.6 115.00 176.00 291.00 NOTE

Check Details

Version: 2.5.6
Check: package dependencies
Result: NOTE Imports includes 23 non-default packages. Importing from so many packages makes the package vulnerable to any of them becoming unavailable. Move as many as possible to Suggests and use conditionally. Flavor: r-devel-linux-x86_64-fedora-clang

Version: 2.5.6
Check: installed package size
Result: NOTE installed size is 10.8Mb sub-directories of 1Mb or more: R 3.9Mb i18n 6.7Mb Flavors: r-devel-linux-x86_64-fedora-clang, r-devel-windows-x86_64, r-release-macos-arm64, r-release-macos-x86_64, r-release-windows-x86_64, r-oldrel-macos-arm64, r-oldrel-macos-x86_64, r-oldrel-windows-x86_64

Version: 2.5.6
Check: dependencies in R code
Result: NOTE Namespaces in Imports field not imported from: ‘BayesFactor’ ‘GGally’ ‘GPArotation’ ‘MASS’ ‘PMCMR’ ‘R6’ ‘ROCR’ ‘afex’ ‘car’ ‘dplyr’ ‘emmeans’ ‘ggrepel’ ‘ggridges’ ‘lavaan’ ‘multcomp’ ‘mvnormtest’ ‘nnet’ ‘psych’ ‘vcd’ ‘vcdExtra’ All declared Imports should be used. Flavors: r-devel-linux-x86_64-fedora-clang, r-devel-linux-x86_64-fedora-gcc