Last updated on 2023-12-01 04:53:59 CET.
Flavor | Version | Tinstall | Tcheck | Ttotal | Status | Flags |
---|---|---|---|---|---|---|
r-devel-linux-x86_64-debian-clang | 2.4.11 | 93.57 | 172.33 | 265.90 | OK | |
r-devel-linux-x86_64-debian-gcc | 2.4.11 | 89.37 | 126.81 | 216.18 | OK | |
r-devel-linux-x86_64-fedora-clang | 2.4.11 | 351.98 | NOTE | |||
r-devel-linux-x86_64-fedora-gcc | 2.4.11 | 366.91 | NOTE | |||
r-devel-windows-x86_64 | 2.4.11 | 78.00 | 138.00 | 216.00 | NOTE | |
r-patched-linux-x86_64 | 2.4.11 | 94.78 | 165.14 | 259.92 | OK | |
r-release-linux-x86_64 | 2.4.11 | 74.79 | 162.51 | 237.30 | OK | |
r-release-macos-arm64 | 2.4.11 | 76.00 | NOTE | |||
r-release-macos-x86_64 | 2.4.11 | 146.00 | NOTE | |||
r-release-windows-x86_64 | 2.4.11 | 114.00 | 174.00 | 288.00 | NOTE | |
r-oldrel-macos-arm64 | 2.4.11 | 84.00 | NOTE | |||
r-oldrel-macos-x86_64 | 2.4.11 | 131.00 | NOTE | |||
r-oldrel-windows-x86_64 | 2.4.11 | 115.00 | 167.00 | 282.00 | NOTE |
Version: 2.4.11
Check: package dependencies
Result: NOTE
Imports includes 23 non-default packages.
Importing from so many packages makes the package vulnerable to any of
them becoming unavailable. Move as many as possible to Suggests and
use conditionally.
Flavor: r-devel-linux-x86_64-fedora-clang
Version: 2.4.11
Check: installed package size
Result: NOTE
installed size is 10.6Mb
sub-directories of 1Mb or more:
R 3.9Mb
i18n 6.5Mb
Flavors: r-devel-linux-x86_64-fedora-clang, r-devel-windows-x86_64, r-release-macos-arm64, r-release-macos-x86_64, r-release-windows-x86_64, r-oldrel-macos-arm64, r-oldrel-macos-x86_64, r-oldrel-windows-x86_64
Version: 2.4.11
Check: dependencies in R code
Result: NOTE
Namespaces in Imports field not imported from:
‘BayesFactor’ ‘GGally’ ‘GPArotation’ ‘MASS’ ‘PMCMR’ ‘R6’ ‘ROCR’
‘afex’ ‘car’ ‘dplyr’ ‘emmeans’ ‘ggrepel’ ‘ggridges’ ‘lavaan’
‘multcomp’ ‘mvnormtest’ ‘nnet’ ‘psych’ ‘vcd’ ‘vcdExtra’
All declared Imports should be used.
Flavors: r-devel-linux-x86_64-fedora-clang, r-devel-linux-x86_64-fedora-gcc