Last updated on 2023-11-29 04:57:25 CET.
Flavor | Version | Tinstall | Tcheck | Ttotal | Status | Flags |
---|---|---|---|---|---|---|
r-devel-linux-x86_64-debian-clang | 0.0.2 | 9.98 | 86.27 | 96.25 | NOTE | |
r-devel-linux-x86_64-debian-gcc | 0.0.2 | 6.99 | 65.09 | 72.08 | NOTE | |
r-devel-linux-x86_64-fedora-clang | 0.0.2 | 117.52 | OK | |||
r-devel-linux-x86_64-fedora-gcc | 0.0.2 | 113.82 | OK | |||
r-devel-windows-x86_64 | 0.0.2 | 10.00 | 79.00 | 89.00 | OK | |
r-patched-linux-x86_64 | 0.0.2 | 7.81 | 82.95 | 90.76 | OK | |
r-release-linux-x86_64 | 0.0.2 | 6.39 | 81.95 | 88.34 | OK | |
r-release-macos-arm64 | 0.0.2 | 42.00 | OK | |||
r-release-macos-x86_64 | 0.0.2 | 61.00 | OK | |||
r-release-windows-x86_64 | 0.0.2 | 12.00 | 94.00 | 106.00 | OK | |
r-oldrel-macos-arm64 | 0.0.2 | 38.00 | OK | |||
r-oldrel-macos-x86_64 | 0.0.2 | 64.00 | OK | |||
r-oldrel-windows-x86_64 | 0.0.2 | 12.00 | 98.00 | 110.00 | OK |
Version: 0.0.2
Check: Rd files
Result: NOTE
checkRd: (-1) data_timeinv.Rd:14: Lost braces; missing escapes or markup?
14 | \item{X5}{categorical covariate taking values from {1, 2, 3, 4, 5}; time-invariant}
| ^
checkRd: (-1) data_timeinv.Rd:18: Lost braces; missing escapes or markup?
18 | \item{g}{true latent class identifier {1, 2, 3, 4}, which is determined by
| ^
checkRd: (-1) data_timevar.Rd:15: Lost braces; missing escapes or markup?
15 | \item{X5}{categorical covariate taking values from {1, 2, 3, 4, 5}; time-varying}
| ^
checkRd: (-1) data_timevar.Rd:20: Lost braces; missing escapes or markup?
20 | \item{g}{true latent class identifier {1, 2, 3, 4}, which is determined by
| ^
Flavors: r-devel-linux-x86_64-debian-clang, r-devel-linux-x86_64-debian-gcc