Last updated on 2023-12-04 05:09:09 CET.
Flavor | Version | Tinstall | Tcheck | Ttotal | Status | Flags |
---|---|---|---|---|---|---|
r-devel-linux-x86_64-debian-clang | 0.3.1 | 66.40 | 52.29 | 118.69 | OK | |
r-devel-linux-x86_64-debian-gcc | 0.3.1 | 54.97 | 39.37 | 94.34 | OK | |
r-devel-linux-x86_64-fedora-clang | 0.3.1 | 161.63 | OK | |||
r-devel-linux-x86_64-fedora-gcc | 0.3.1 | 183.55 | OK | |||
r-devel-windows-x86_64 | 0.3.1 | 51.00 | 86.00 | 137.00 | OK | |
r-patched-linux-x86_64 | 0.3.1 | 61.34 | 49.84 | 111.18 | OK | |
r-release-linux-x86_64 | 0.3.1 | 60.36 | 49.47 | 109.83 | OK | |
r-release-macos-arm64 | 0.3.1 | 72.00 | NOTE | |||
r-release-macos-x86_64 | 0.3.1 | 117.00 | NOTE | |||
r-release-windows-x86_64 | 0.3.1 | 51.00 | 96.00 | 147.00 | OK | |
r-oldrel-macos-arm64 | 0.3.1 | 52.00 | NOTE | |||
r-oldrel-macos-x86_64 | 0.3.0 | 63.00 | NOTE | |||
r-oldrel-windows-x86_64 | 0.3.1 | 62.00 | 95.00 | 157.00 | OK |
Version: 0.3.1
Check: installed package size
Result: NOTE
installed size is 7.4Mb
sub-directories of 1Mb or more:
libs 7.1Mb
Flavors: r-release-macos-arm64, r-release-macos-x86_64, r-oldrel-macos-arm64
Version: 0.3.0
Check: installed package size
Result: NOTE
installed size is 7.7Mb
sub-directories of 1Mb or more:
libs 7.5Mb
Flavor: r-oldrel-macos-x86_64