CRAN Package Check Results for Package jiebaR

Last updated on 2024-02-25 04:51:09 CET.

Flavor Version Tinstall Tcheck Ttotal Status Flags
r-devel-linux-x86_64-debian-clang 0.11 79.72 65.86 145.58 NOTE
r-devel-linux-x86_64-debian-gcc 0.11 59.70 51.95 111.65 NOTE
r-devel-linux-x86_64-fedora-clang 0.11 208.54 NOTE
r-devel-linux-x86_64-fedora-gcc 0.11 215.80 NOTE
r-devel-windows-x86_64 0.11 59.00 107.00 166.00 NOTE
r-patched-linux-x86_64 0.11 79.99 67.04 147.03 NOTE
r-release-linux-x86_64 0.11 78.76 68.28 147.04 NOTE
r-release-macos-arm64 0.11 61.00 NOTE
r-release-macos-x86_64 0.11 100.00 NOTE
r-release-windows-x86_64 0.11 74.00 116.00 190.00 NOTE
r-oldrel-macos-arm64 0.11 58.00 NOTE
r-oldrel-windows-x86_64 0.11 75.00 109.00 184.00 OK

Check Details

Version: 0.11
Check: C++ specification
Result: NOTE Specified C++11: please drop specification unless essential Flavors: r-devel-linux-x86_64-debian-clang, r-devel-linux-x86_64-debian-gcc, r-devel-linux-x86_64-fedora-clang, r-devel-linux-x86_64-fedora-gcc, r-devel-windows-x86_64, r-patched-linux-x86_64, r-release-linux-x86_64, r-release-macos-arm64, r-release-macos-x86_64, r-release-windows-x86_64

Version: 0.11
Check: installed package size
Result: NOTE installed size is 5.9Mb sub-directories of 1Mb or more: libs 5.5Mb Flavors: r-release-macos-arm64, r-release-macos-x86_64, r-oldrel-macos-arm64