Last updated on 2023-12-02 04:52:17 CET.
Flavor | Version | Tinstall | Tcheck | Ttotal | Status | Flags |
---|---|---|---|---|---|---|
r-devel-linux-x86_64-debian-clang | 1.0.4 | 2.80 | 26.06 | 28.86 | OK | |
r-devel-linux-x86_64-debian-gcc | 1.0.4 | 2.06 | 20.71 | 22.77 | OK | |
r-devel-linux-x86_64-fedora-clang | 1.0.4 | 36.35 | NOTE | |||
r-devel-linux-x86_64-fedora-gcc | 1.0.4 | 34.78 | NOTE | |||
r-devel-windows-x86_64 | 1.0.4 | 4.00 | 46.00 | 50.00 | OK | |
r-patched-linux-x86_64 | 1.0.4 | 2.43 | 23.97 | 26.40 | OK | |
r-release-linux-x86_64 | 1.0.4 | 2.42 | 23.94 | 26.36 | OK | |
r-release-macos-arm64 | 1.0.4 | 22.00 | OK | |||
r-release-macos-x86_64 | 1.0.4 | 37.00 | OK | |||
r-release-windows-x86_64 | 1.0.4 | 5.00 | 43.00 | 48.00 | OK | |
r-oldrel-macos-arm64 | 1.0.4 | 21.00 | OK | |||
r-oldrel-macos-x86_64 | 1.0.2 | 25.00 | NOTE | |||
r-oldrel-windows-x86_64 | 1.0.4 | 5.00 | 46.00 | 51.00 | OK |
Version: 1.0.4
Check: data for non-ASCII characters
Result: NOTE
Note: found 87 marked UTF-8 strings
Flavors: r-devel-linux-x86_64-fedora-clang, r-devel-linux-x86_64-fedora-gcc
Version: 1.0.2
Check: data for non-ASCII characters
Result: NOTE
Note: found 85 marked UTF-8 strings
Flavor: r-oldrel-macos-x86_64