CRAN Package Check Results for Package jSDM

Last updated on 2024-03-03 04:48:39 CET.

Flavor Version Tinstall Tcheck Ttotal Status Flags
r-devel-linux-x86_64-debian-clang 0.2.6 1150.08 341.54 1491.62 NOTE
r-devel-linux-x86_64-debian-gcc 0.2.6 889.81 249.18 1138.99 NOTE
r-devel-linux-x86_64-fedora-clang 0.2.6 2140.39 NOTE
r-devel-linux-x86_64-fedora-gcc 0.2.6 2243.79 NOTE
r-devel-windows-x86_64 0.2.6 834.00 393.00 1227.00 NOTE
r-patched-linux-x86_64 0.2.6 1115.49 330.75 1446.24 OK
r-release-linux-x86_64 0.2.6 1125.06 337.85 1462.91 OK
r-release-macos-arm64 0.2.6 372.00 NOTE
r-release-macos-x86_64 0.2.6 480.00 NOTE
r-release-windows-x86_64 0.2.6 1050.00 474.00 1524.00 NOTE
r-oldrel-macos-arm64 0.2.6 355.00 NOTE
r-oldrel-windows-x86_64 0.2.6 973.00 455.00 1428.00 NOTE

Check Details

Version: 0.2.6
Check: Rd files
Result: NOTE checkRd: (-1) jSDM_binomial_probit_long_format.Rd:45: Lost braces 45 | \code{species} \tab numeric or character eqn{n_{obs}}{n_obs}-length vector indicating the species observed, \cr | ^ checkRd: (-1) jSDM_binomial_probit_long_format.Rd:45: Lost braces; missing escapes or markup? 45 | \code{species} \tab numeric or character eqn{n_{obs}}{n_obs}-length vector indicating the species observed, \cr | ^ checkRd: (-1) jSDM_binomial_probit_long_format.Rd:45: Lost braces 45 | \code{species} \tab numeric or character eqn{n_{obs}}{n_obs}-length vector indicating the species observed, \cr | ^ Flavors: r-devel-linux-x86_64-debian-clang, r-devel-linux-x86_64-debian-gcc, r-devel-linux-x86_64-fedora-clang, r-devel-linux-x86_64-fedora-gcc

Version: 0.2.6
Check: installed package size
Result: NOTE installed size is 5.2Mb sub-directories of 1Mb or more: libs 3.8Mb Flavors: r-devel-windows-x86_64, r-release-macos-arm64, r-release-macos-x86_64, r-release-windows-x86_64, r-oldrel-macos-arm64, r-oldrel-windows-x86_64