Last updated on 2023-11-28 04:57:22 CET.
Flavor | Version | Tinstall | Tcheck | Ttotal | Status | Flags |
---|---|---|---|---|---|---|
r-devel-linux-x86_64-debian-clang | 0.2.1 | 48.34 | 465.49 | 513.83 | OK | |
r-devel-linux-x86_64-debian-gcc | 0.2.1 | 34.88 | 334.11 | 368.99 | OK | |
r-devel-linux-x86_64-fedora-clang | 0.2.1 | 611.03 | OK | |||
r-devel-linux-x86_64-fedora-gcc | 0.2.1 | 611.19 | OK | |||
r-devel-windows-x86_64 | 0.2.1 | 38.00 | 301.00 | 339.00 | OK | |
r-patched-linux-x86_64 | 0.2.1 | 46.14 | 441.41 | 487.55 | OK | |
r-release-linux-x86_64 | 0.2.1 | 30.80 | 442.19 | 472.99 | OK | |
r-release-macos-arm64 | 0.2.1 | 153.00 | OK | |||
r-release-macos-x86_64 | 0.2.1 | 305.00 | OK | |||
r-release-windows-x86_64 | 0.2.1 | 52.00 | 410.00 | 462.00 | OK | |
r-oldrel-macos-arm64 | 0.2.1 | 143.00 | OK | |||
r-oldrel-macos-x86_64 | 0.2.1 | 12.00 | ERROR | |||
r-oldrel-windows-x86_64 | 0.2.1 | 54.00 | 386.00 | 440.00 | OK |
Version: 0.2.1
Check: package dependencies
Result: ERROR
Package required and available but unsuitable version: ‘stars’
See section ‘The DESCRIPTION file’ in the ‘Writing R Extensions’
manual.
Flavor: r-oldrel-macos-x86_64