CRAN Package Check Results for Package iterors

Last updated on 2024-06-14 05:58:26 CEST.

Flavor Version Tinstall Tcheck Ttotal Status Flags
r-devel-linux-x86_64-debian-clang 1.0 7.68 126.26 133.94 OK
r-devel-linux-x86_64-debian-gcc 1.0 5.34 54.39 59.73 ERROR
r-devel-linux-x86_64-fedora-clang 1.0 156.67 OK
r-devel-linux-x86_64-fedora-gcc 1.0 168.11 OK
r-devel-windows-x86_64 1.0 6.00 149.00 155.00 OK
r-patched-linux-x86_64 1.0 6.79 119.39 126.18 OK
r-release-linux-x86_64 1.0 6.28 120.96 127.24 OK
r-release-macos-arm64 1.0 61.00 OK
r-release-macos-x86_64 1.0 102.00 OK
r-release-windows-x86_64 1.0 7.00 143.00 150.00 OK
r-oldrel-macos-arm64 1.0 63.00 OK
r-oldrel-macos-x86_64 1.0 185.00 OK
r-oldrel-windows-x86_64 1.0 9.00 154.00 163.00 OK

Check Details

Version: 1.0
Check: package dependencies
Result: NOTE Package suggested but not available for checking: ‘testthat’ Flavor: r-devel-linux-x86_64-debian-gcc

Version: 1.0
Check: tests
Result: ERROR Running ‘testthat.r’ [0s/1s] Running the tests in ‘tests/testthat.r’ failed. Complete output: > library(testthat) Error in library(testthat) : there is no package called 'testthat' Execution halted Flavor: r-devel-linux-x86_64-debian-gcc