CRAN Package Check Results for Package isva

Last updated on 2024-02-26 04:49:30 CET.

Flavor Version Tinstall Tcheck Ttotal Status Flags
r-devel-linux-x86_64-debian-clang 1.9 5.83 54.32 60.15 NOTE
r-devel-linux-x86_64-debian-gcc 1.9 5.19 41.67 46.86 NOTE
r-devel-linux-x86_64-fedora-clang 1.9 75.55 NOTE
r-devel-linux-x86_64-fedora-gcc 1.9 71.31 NOTE
r-devel-windows-x86_64 1.9 7.00 66.00 73.00 OK
r-patched-linux-x86_64 1.9 4.47 51.22 55.69 NOTE
r-release-linux-x86_64 1.9 5.63 51.39 57.02 NOTE
r-release-macos-arm64 1.9 24.00 OK
r-release-macos-x86_64 1.9 51.00 OK
r-release-windows-x86_64 1.9 6.00 73.00 79.00 OK
r-oldrel-macos-arm64 1.9 24.00 OK
r-oldrel-windows-x86_64 1.9 9.00 77.00 86.00 OK

Check Details

Version: 1.9
Check: for non-standard things in the check directory
Result: NOTE Found the following files/directories: ‘RMTplot.pdf’ Flavors: r-devel-linux-x86_64-debian-clang, r-devel-linux-x86_64-debian-gcc, r-devel-linux-x86_64-fedora-clang, r-devel-linux-x86_64-fedora-gcc, r-patched-linux-x86_64, r-release-linux-x86_64