CRAN Package Check Results for Package irrNA

Last updated on 2024-07-19 05:57:36 CEST.

Flavor Version Tinstall Tcheck Ttotal Status Flags
r-devel-linux-x86_64-debian-clang 0.2.3 3.82 27.53 31.35 OK
r-devel-linux-x86_64-debian-gcc 0.2.3 2.40 21.20 23.60 OK
r-devel-linux-x86_64-fedora-clang 0.2.3 39.42 NOTE
r-devel-linux-x86_64-fedora-gcc 0.2.3 36.76 OK
r-devel-windows-x86_64 0.2.3 3.00 43.00 46.00 OK
r-patched-linux-x86_64 0.2.3 3.90 26.40 30.30 OK
r-release-linux-x86_64 0.2.3 2.70 27.08 29.78 OK
r-release-macos-arm64 0.2.3 16.00 OK
r-release-macos-x86_64 0.2.3 27.00 OK
r-release-windows-x86_64 0.2.3 5.00 42.00 47.00 OK
r-oldrel-macos-arm64 0.2.3 18.00 OK
r-oldrel-macos-x86_64 0.2.3 23.00 OK
r-oldrel-windows-x86_64 0.2.3 7.00 43.00 50.00 OK

Check Details

Version: 0.2.3
Check: Rd cross-references
Result: NOTE Undeclared package ‘irr’ in Rd xrefs Flavor: r-devel-linux-x86_64-fedora-clang