CRAN Package Check Results for Package irrNA

Last updated on 2023-09-27 06:02:11 CEST.

Flavor Version Tinstall Tcheck Ttotal Status Flags
r-devel-linux-x86_64-debian-clang 0.2.3 2.59 27.13 29.72 OK
r-devel-linux-x86_64-debian-gcc 0.2.3 2.71 20.82 23.53 OK
r-devel-linux-x86_64-fedora-clang 0.2.3 37.04 NOTE
r-devel-linux-x86_64-fedora-gcc 0.2.3 36.10 OK
r-devel-windows-x86_64 0.2.3 4.00 43.00 47.00 OK
r-patched-linux-x86_64 0.2.3 3.70 25.86 29.56 OK
r-release-linux-x86_64 0.2.3 2.78 26.39 29.17 OK
r-release-macos-arm64 0.2.3 18.00 OK
r-release-macos-x86_64 0.2.3 23.00 OK
r-release-windows-x86_64 0.2.3 4.00 50.00 54.00 OK
r-oldrel-macos-arm64 0.2.3 20.00 OK
r-oldrel-macos-x86_64 0.2.3 22.00 OK
r-oldrel-windows-x86_64 0.2.3 6.00 50.00 56.00 OK

Check Details

Version: 0.2.3
Check: Rd cross-references
Result: NOTE
    Undeclared package ‘irr’ in Rd xrefs
Flavor: r-devel-linux-x86_64-fedora-clang