CRAN Package Check Results for Package irace

Last updated on 2024-05-30 06:08:45 CEST.

Flavor Version Tinstall Tcheck Ttotal Status Flags
r-devel-linux-x86_64-debian-clang 3.5 11.72 95.97 107.69 WARN
r-devel-linux-x86_64-debian-gcc 3.5 7.73 85.78 93.51 OK
r-devel-linux-x86_64-fedora-clang 3.5 156.42 OK
r-devel-linux-x86_64-fedora-gcc 3.5 158.25 OK
r-devel-windows-x86_64 3.5 12.00 96.00 108.00 OK
r-patched-linux-x86_64 3.5 12.23 107.28 119.51 OK
r-release-linux-x86_64 3.5 9.12 110.87 119.99 OK
r-release-macos-arm64 3.5 50.00 NOTE
r-release-windows-x86_64 3.5 11.00 94.00 105.00 OK
r-oldrel-macos-arm64 3.5 55.00 NOTE
r-oldrel-macos-x86_64 3.5 134.00 NOTE
r-oldrel-windows-x86_64 3.5 12.00 110.00 122.00 OK

Check Details

Version: 3.5
Check: re-building of vignette outputs
Result: WARN Error(s) in re-building vignettes: ... --- re-building ‘irace-package.Rnw’ using knitr Error: processing vignette 'irace-package.Rnw' failed with diagnostics: Running 'texi2dvi' on 'irace-package.tex' failed. LaTeX errors: ! Undefined control sequence. l.408 \hlkwd{install.packages}\hldef {(}\hlsng{"irace"}\hldef{)} ? ! Emergency stop. ! Emergency stop. l.408 End of file on the terminal! ! ==> Fatal error occurred, no output PDF file produced! --- failed re-building ‘irace-package.Rnw’ SUMMARY: processing the following file failed: ‘irace-package.Rnw’ Error: Vignette re-building failed. Execution halted Flavor: r-devel-linux-x86_64-debian-clang

Version: 3.5
Check: package dependencies
Result: NOTE Package suggested but not available for checking: ‘Rmpi’ Flavors: r-release-macos-arm64, r-oldrel-macos-arm64, r-oldrel-macos-x86_64