CRAN Package Check Results for Package ips

Last updated on 2024-02-24 04:58:45 CET.

Flavor Version Tinstall Tcheck Ttotal Status Flags
r-devel-linux-x86_64-debian-clang 0.0.11 14.73 117.37 132.10 NOTE
r-devel-linux-x86_64-debian-gcc 0.0.11 11.62 90.90 102.52 NOTE
r-devel-linux-x86_64-fedora-clang 0.0.11 162.60 NOTE
r-devel-linux-x86_64-fedora-gcc 0.0.11 159.08 NOTE
r-devel-windows-x86_64 0.0.11 13.00 110.00 123.00 NOTE
r-patched-linux-x86_64 0.0.11 18.58 119.99 138.57 OK
r-release-linux-x86_64 0.0.11 14.80 118.14 132.94 OK
r-release-macos-arm64 0.0.11 51.00 OK
r-release-macos-x86_64 0.0.11 81.00 OK
r-release-windows-x86_64 0.0.11 17.00 138.00 155.00 OK
r-oldrel-macos-arm64 0.0.11 41.00 NOTE
r-oldrel-windows-x86_64 0.0.11 18.00 125.00 143.00 OK

Check Details

Version: 0.0.11
Check: Rd files
Result: NOTE checkRd: (-1) gblocks.Rd:30: Lost braces; missing escapes or markup? 30 | the number of selected positions, i.e. are {more conservative}. Defaults to | ^ Flavors: r-devel-linux-x86_64-debian-clang, r-devel-linux-x86_64-debian-gcc

Version: 0.0.11
Check: Rd contents
Result: NOTE Argument items with no description in Rd file 'mrbayes.Rd': ‘unlink’ ‘constraint’ Argument items with no description in Rd file 'mrbayes.lset.Rd': ‘partition’ Argument items with no description in Rd file 'multistate.Rd': ‘model’ Flavors: r-devel-linux-x86_64-debian-clang, r-devel-linux-x86_64-debian-gcc, r-devel-linux-x86_64-fedora-clang, r-devel-linux-x86_64-fedora-gcc, r-devel-windows-x86_64

Version: 0.0.11
Check: dependencies in R code
Result: NOTE Namespace in Imports field not imported from: ‘seqinr’ All declared Imports should be used. Flavors: r-devel-linux-x86_64-fedora-clang, r-devel-linux-x86_64-fedora-gcc, r-oldrel-macos-arm64