Last updated on 2023-11-28 04:57:21 CET.
Flavor | Version | Tinstall | Tcheck | Ttotal | Status | Flags |
---|---|---|---|---|---|---|
r-devel-linux-x86_64-debian-clang | 0.7.3 | 85.11 | 103.06 | 188.17 | NOTE | |
r-devel-linux-x86_64-debian-gcc | 0.7.3 | 57.87 | 79.07 | 136.94 | NOTE | |
r-devel-linux-x86_64-fedora-clang | 0.7.3 | 250.59 | NOTE | |||
r-devel-linux-x86_64-fedora-gcc | 0.7.3 | 258.09 | NOTE | |||
r-devel-windows-x86_64 | 0.7.3 | 66.00 | 114.00 | 180.00 | NOTE | |
r-patched-linux-x86_64 | 0.7.3 | 72.39 | 101.14 | 173.53 | OK | |
r-release-linux-x86_64 | 0.7.3 | 68.13 | 101.21 | 169.34 | OK | |
r-release-macos-arm64 | 0.7.3 | 75.00 | NOTE | |||
r-release-macos-x86_64 | 0.7.3 | 110.00 | NOTE | |||
r-release-windows-x86_64 | 0.7.3 | 85.00 | 145.00 | 230.00 | OK | |
r-oldrel-macos-arm64 | 0.7.3 | 60.00 | NOTE | |||
r-oldrel-macos-x86_64 | 0.7.3 | 103.00 | NOTE | |||
r-oldrel-windows-x86_64 | 0.7.3 | 76.00 | 137.00 | 213.00 | OK |
Version: 0.7.3
Check: Rd metadata
Result: NOTE
Invalid package aliases in Rd file 'iprior_package.Rd':
‘iprior_package-package’
Flavors: r-devel-linux-x86_64-debian-clang, r-devel-linux-x86_64-debian-gcc, r-devel-linux-x86_64-fedora-clang, r-devel-linux-x86_64-fedora-gcc, r-devel-windows-x86_64
Version: 0.7.3
Check: installed package size
Result: NOTE
installed size is 9.1Mb
sub-directories of 1Mb or more:
libs 7.8Mb
Flavors: r-release-macos-arm64, r-release-macos-x86_64, r-oldrel-macos-arm64, r-oldrel-macos-x86_64
Version: 0.7.3
Check: package dependencies
Result: NOTE
Package suggested but not available for checking: ‘caret’
Flavor: r-release-macos-x86_64
Version: 0.7.3
Check: re-building of vignette outputs
Result: NOTE
Note: skipping ‘tecator.Rmd’ due to unavailable dependencies: 'caret'
Flavor: r-release-macos-x86_64