Last updated on 2023-12-10 04:56:01 CET.
Flavor | Version | Tinstall | Tcheck | Ttotal | Status | Flags |
---|---|---|---|---|---|---|
r-devel-linux-x86_64-debian-clang | 1.0.2 | 5.91 | 174.81 | 180.72 | NOTE | |
r-devel-linux-x86_64-debian-gcc | 1.0.2 | 4.01 | 131.81 | 135.82 | NOTE | |
r-devel-linux-x86_64-fedora-clang | 1.0.2 | 215.37 | NOTE | |||
r-devel-linux-x86_64-fedora-gcc | 1.0.2 | 219.01 | NOTE | |||
r-devel-windows-x86_64 | 1.0.2 | 7.00 | 134.00 | 141.00 | NOTE | |
r-patched-linux-x86_64 | 1.0.2 | 4.43 | 174.10 | 178.53 | NOTE | |
r-release-linux-x86_64 | 1.0.2 | 3.92 | 164.60 | 168.52 | NOTE | |
r-release-macos-arm64 | 1.0.2 | 79.00 | NOTE | |||
r-release-macos-x86_64 | 1.0.2 | 121.00 | NOTE | |||
r-release-windows-x86_64 | 1.0.2 | 8.00 | 178.00 | 186.00 | NOTE | |
r-oldrel-macos-arm64 | 1.0.2 | 57.00 | NOTE | |||
r-oldrel-macos-x86_64 | 1.0.2 | 146.00 | NOTE | |||
r-oldrel-windows-x86_64 | 1.0.2 | 8.00 | 178.00 | 186.00 | NOTE |
Version: 1.0.2
Check: LazyData
Result: NOTE
'LazyData' is specified without a 'data' directory
Flavors: r-devel-linux-x86_64-debian-clang, r-devel-linux-x86_64-debian-gcc, r-devel-linux-x86_64-fedora-clang, r-devel-linux-x86_64-fedora-gcc, r-devel-windows-x86_64, r-patched-linux-x86_64, r-release-linux-x86_64, r-release-macos-arm64, r-release-macos-x86_64, r-release-windows-x86_64, r-oldrel-macos-arm64, r-oldrel-macos-x86_64, r-oldrel-windows-x86_64