Last updated on 2023-12-06 04:55:54 CET.
Flavor | Version | Tinstall | Tcheck | Ttotal | Status | Flags |
---|---|---|---|---|---|---|
r-devel-linux-x86_64-debian-clang | 1.4.2 | 3.86 | 53.53 | 57.39 | OK | |
r-devel-linux-x86_64-debian-gcc | 1.4.2 | 3.28 | 41.35 | 44.63 | OK | |
r-devel-linux-x86_64-fedora-clang | 1.4.2 | 71.15 | NOTE | |||
r-devel-linux-x86_64-fedora-gcc | 1.4.2 | 81.02 | OK | |||
r-devel-windows-x86_64 | 1.4.2 | 4.00 | 87.00 | 91.00 | OK | |
r-patched-linux-x86_64 | 1.4.2 | 4.00 | 50.09 | 54.09 | OK | |
r-release-linux-x86_64 | 1.4.2 | 4.26 | 50.38 | 54.64 | OK | |
r-release-macos-arm64 | 1.4.2 | 35.00 | OK | |||
r-release-macos-x86_64 | 1.4.2 | 50.00 | OK | |||
r-release-windows-x86_64 | 1.4.2 | 5.00 | 90.00 | 95.00 | OK | |
r-oldrel-macos-arm64 | 1.4.2 | 34.00 | OK | |||
r-oldrel-macos-x86_64 | 1.4.2 | 37.00 | OK | |||
r-oldrel-windows-x86_64 | 1.4.2 | 6.00 | 95.00 | 101.00 | OK |
Version: 1.4.2
Check: Rd cross-references
Result: NOTE
Undeclared packages ‘nlstools’, ‘lme4’ in Rd xrefs
Flavor: r-devel-linux-x86_64-fedora-clang