CRAN Package Check Results for Package intsurv

Last updated on 2024-02-23 05:07:22 CET.

Flavor Version Tinstall Tcheck Ttotal Status Flags
r-devel-linux-x86_64-debian-clang 0.2.2 NOTE
r-devel-linux-x86_64-debian-gcc 0.2.2 181.36 45.42 226.78 NOTE
r-devel-linux-x86_64-fedora-clang 0.2.2 398.59 NOTE
r-devel-linux-x86_64-fedora-gcc 0.2.2 432.77 NOTE
r-devel-windows-x86_64 0.2.2 159.00 97.00 256.00 NOTE
r-patched-linux-x86_64 0.2.2 222.60 58.78 281.38 NOTE
r-release-linux-x86_64 0.2.2 232.14 58.69 290.83 NOTE
r-release-macos-arm64 0.2.2 96.00 NOTE
r-release-macos-x86_64 0.2.2 173.00 NOTE
r-release-windows-x86_64 0.2.2 205.00 107.00 312.00 NOTE
r-oldrel-macos-arm64 0.2.2 87.00 NOTE
r-oldrel-windows-x86_64 0.2.2 200.00 108.00 308.00 NOTE

Check Details

Version: 0.2.2
Check: C++ specification
Result: NOTE Specified C++11: please drop specification unless essential Flavors: r-devel-linux-x86_64-debian-clang, r-devel-linux-x86_64-debian-gcc, r-devel-linux-x86_64-fedora-clang, r-devel-linux-x86_64-fedora-gcc, r-devel-windows-x86_64, r-patched-linux-x86_64, r-release-linux-x86_64, r-release-macos-arm64, r-release-macos-x86_64, r-release-windows-x86_64

Version: 0.2.2
Check: Rd files
Result: NOTE checkRd: (-1) cox_cure_net.Rd:132: Lost braces 132 | \code{surv_lambda} (or code{cure_lambda}) that produces all-zero | ^ Flavors: r-devel-linux-x86_64-debian-clang, r-devel-linux-x86_64-debian-gcc

Version: 0.2.2
Check: LazyData
Result: NOTE 'LazyData' is specified without a 'data' directory Flavors: r-devel-linux-x86_64-debian-clang, r-devel-linux-x86_64-debian-gcc, r-devel-linux-x86_64-fedora-clang, r-devel-linux-x86_64-fedora-gcc, r-devel-windows-x86_64, r-patched-linux-x86_64, r-release-linux-x86_64, r-release-macos-arm64, r-release-macos-x86_64, r-release-windows-x86_64, r-oldrel-macos-arm64, r-oldrel-windows-x86_64

Version: 0.2.2
Check: installed package size
Result: NOTE installed size is 12.0Mb sub-directories of 1Mb or more: libs 11.2Mb Flavors: r-release-macos-arm64, r-release-macos-x86_64, r-oldrel-macos-arm64