CRAN Package Check Results for Package intrinsicFRP

Last updated on 2024-03-02 04:48:25 CET.

Flavor Version Tinstall Tcheck Ttotal Status Flags
r-devel-linux-x86_64-debian-clang 2.0.1 202.04 297.85 499.89 OK
r-devel-linux-x86_64-debian-gcc 2.0.1 164.62 301.58 466.20 OK
r-devel-linux-x86_64-fedora-clang 2.0.1 685.27 OK
r-devel-linux-x86_64-fedora-gcc 2.0.1 804.88 OK
r-devel-windows-x86_64 2.0.1 157.00 290.00 447.00 OK
r-patched-linux-x86_64 2.0.1 220.28 379.60 599.88 OK
r-release-linux-x86_64 2.0.1 210.64 387.11 597.75 OK
r-release-macos-arm64 2.0.1 214.00 NOTE
r-release-macos-x86_64 2.0.1 446.00 NOTE
r-release-windows-x86_64 2.0.1 138.00 382.00 520.00 OK
r-oldrel-macos-arm64 2.0.0 19.00 ERROR
r-oldrel-windows-x86_64 2.0.0 31.00 8.00 39.00 ERROR

Check Details

Version: 2.0.1
Check: installed package size
Result: NOTE installed size is 8.8Mb sub-directories of 1Mb or more: libs 8.5Mb Flavors: r-release-macos-arm64, r-release-macos-x86_64

Version: 2.0.0
Check: whether package can be installed
Result: ERROR Installation failed. Flavors: r-oldrel-macos-arm64, r-oldrel-windows-x86_64