Last updated on 2023-11-29 04:57:24 CET.
Flavor | Version | Tinstall | Tcheck | Ttotal | Status | Flags |
---|---|---|---|---|---|---|
r-devel-linux-x86_64-debian-clang | 1.1-1.0 | 8.71 | 97.55 | 106.26 | NOTE | |
r-devel-linux-x86_64-debian-gcc | 1.1-1.0 | 8.17 | 74.08 | 82.25 | NOTE | |
r-devel-linux-x86_64-fedora-clang | 1.1-1.0 | 132.71 | OK | |||
r-devel-linux-x86_64-fedora-gcc | 1.1-1.0 | 141.57 | OK | |||
r-devel-windows-x86_64 | 1.1-1.0 | 9.00 | 113.00 | 122.00 | OK | |
r-patched-linux-x86_64 | 1.1-1.0 | 8.25 | 95.84 | 104.09 | OK | |
r-release-linux-x86_64 | 1.1-1.0 | 9.54 | 95.43 | 104.97 | OK | |
r-release-macos-arm64 | 1.1-1.0 | 51.00 | OK | |||
r-release-macos-x86_64 | 1.1-1.0 | 131.00 | OK | |||
r-release-windows-x86_64 | 1.1-1.0 | 11.00 | 127.00 | 138.00 | OK | |
r-oldrel-macos-arm64 | 1.1-1.0 | 45.00 | OK | |||
r-oldrel-macos-x86_64 | 1.1-1.0 | 67.00 | OK | |||
r-oldrel-windows-x86_64 | 1.1-1.0 | 11.00 | 120.00 | 131.00 | OK |
Version: 1.1-1.0
Check: Rd files
Result: NOTE
checkRd: (-1) interval-internal.Rd:40: Lost braces
40 | \item{dqfunc}{function, density of the results of the quantile function, e.g., function(x){dnorm(qnorm(x))} (used for 'general' scores,
| ^
Flavors: r-devel-linux-x86_64-debian-clang, r-devel-linux-x86_64-debian-gcc