Last updated on 2023-11-28 04:57:21 CET.
Flavor | Version | Tinstall | Tcheck | Ttotal | Status | Flags |
---|---|---|---|---|---|---|
r-devel-linux-x86_64-debian-clang | 1.1-4 | 189.86 | 226.66 | 416.52 | OK | |
r-devel-linux-x86_64-debian-gcc | 1.1-4 | 126.55 | 178.15 | 304.70 | WARN | |
r-devel-linux-x86_64-fedora-clang | 1.1-5 | 543.73 | OK | |||
r-devel-linux-x86_64-fedora-gcc | 1.1-5 | 581.12 | OK | |||
r-devel-windows-x86_64 | 1.1-4 | 121.00 | 274.00 | 395.00 | WARN | |
r-patched-linux-x86_64 | 1.1-4 | 142.68 | 225.02 | 367.70 | OK | |
r-release-linux-x86_64 | 1.1-4 | 156.63 | 223.07 | 379.70 | OK | |
r-release-macos-arm64 | 1.1-4 | 214.00 | NOTE | |||
r-release-macos-x86_64 | 1.1-4 | 333.00 | NOTE | |||
r-release-windows-x86_64 | 1.1-5 | 113.00 | 263.00 | 376.00 | OK | |
r-oldrel-macos-arm64 | 1.1-5 | 187.00 | NOTE | |||
r-oldrel-macos-x86_64 | 1.1-4 | 235.00 | NOTE | |||
r-oldrel-windows-x86_64 | 1.1-4 | 143.00 | 316.00 | 459.00 | OK |
Version: 1.1-4
Check: whether package can be installed
Result: WARN
Found the following significant warnings:
convexHull.cpp:108:60: warning: format ‘%f’ expects argument of type ‘double’, but argument 2 has type ‘int’ [-Wformat=]
convexHull.cpp:108:64: warning: format ‘%f’ expects argument of type ‘double’, but argument 3 has type ‘int’ [-Wformat=]
See ‘/home/hornik/tmp/R.check/r-devel-gcc/Work/PKGS/interp.Rcheck/00install.out’ for details.
* used C compiler: ‘gcc-13 (Debian 13.2.0-5) 13.2.0’
* used Fortran compiler: ‘GNU Fortran (Debian 13.2.0-5) 13.2.0’
* used C++ compiler: ‘g++-13 (Debian 13.2.0-5) 13.2.0’
Flavor: r-devel-linux-x86_64-debian-gcc
Version: 1.1-4
Check: whether package can be installed
Result: WARN
Found the following significant warnings:
convexHull.cpp:108:60: warning: format '%f' expects argument of type 'double', but argument 2 has type 'int' [-Wformat=]
convexHull.cpp:108:64: warning: format '%f' expects argument of type 'double', but argument 3 has type 'int' [-Wformat=]
See 'd:/Rcompile/CRANpkg/local/4.4/interp.Rcheck/00install.out' for details.
* used C compiler: 'gcc.exe (GCC) 12.3.0'
* used Fortran compiler: 'GNU Fortran (GCC) 12.3.0'
* used C++ compiler: 'g++.exe (GCC) 12.3.0'
Flavor: r-devel-windows-x86_64
Version: 1.1-4
Check: installed package size
Result: NOTE
installed size is 33.0Mb
sub-directories of 1Mb or more:
doc 1.1Mb
libs 31.5Mb
Flavors: r-release-macos-arm64, r-release-macos-x86_64, r-oldrel-macos-x86_64
Version: 1.1-4
Check: re-building of vignette outputs
Result: NOTE
Error(s) in re-building vignettes:
--- re-building ‘interp.Rnw’ using Sweave
Error: processing vignette 'interp.Rnw' failed with diagnostics:
Running 'texi2dvi' on 'interp.tex' failed.
LaTeX errors:
! LaTeX Error: File `flexisym.sty' not found.
Type X to quit or <RETURN> to proceed,
or enter new name. (Default extension: sty)
! Emergency stop.
<read *>
l.15 \usepackage
{breqn}^^M
! ==> Fatal error occurred, no output PDF file produced!
--- failed re-building ‘interp.Rnw’
--- re-building ‘partDeriv.Rnw’ using Sweave
Attaching package: ‘Ryacas’
The following object is masked from ‘package:stats’:
integrate
The following objects are masked from ‘package:base’:
%*%, det, diag, diag<-, lower.tri, upper.tri
Warning: `stat_contour()`: Zero contours were generated
Warning in min(x) : no non-missing arguments to min; returning Inf
Warning in max(x) : no non-missing arguments to max; returning -Inf
Warning: `stat_contour()`: Zero contours were generated
Warning in min(x) : no non-missing arguments to min; returning Inf
Warning in max(x) : no non-missing arguments to max; returning -Inf
Warning: `stat_contour()`: Zero contours were generated
Warning in min(x) : no non-missing arguments to min; returning Inf
Warning in max(x) : no non-missing arguments to max; returning -Inf
Warning: `stat_contour()`: Zero contours were generated
Warning in min(x) : no non-missing arguments to min; returning Inf
Warning in max(x) : no non-missing arguments to max; returning -Inf
Error: processing vignette 'partDeriv.Rnw' failed with diagnostics:
Running 'texi2dvi' on 'partDeriv.tex' failed.
LaTeX errors:
! LaTeX Error: File `flexisym.sty' not found.
Type X to quit or <RETURN> to proceed,
or enter new name. (Default extension: sty)
! Emergency stop.
<read *>
l.15 \usepackage
{breqn}^^M
! ==> Fatal error occurred, no output PDF file produced!
--- failed re-building ‘partDeriv.Rnw’
--- re-building ‘tri.Rnw’ using Sweave
Error: processing vignette 'tri.Rnw' failed with diagnostics:
Running 'texi2dvi' on 'tri.tex' failed.
LaTeX errors:
! LaTeX Error: File `flexisym.sty' not found.
Type X to quit or <RETURN> to proceed,
or enter new name. (Default extension: sty)
! Emergency stop.
<read *>
l.15 \usepackage
{breqn}^^M
! ==> Fatal error occurred, no output PDF file produced!
--- failed re-building ‘tri.Rnw’
SUMMARY: processing the following files failed:
‘interp.Rnw’ ‘partDeriv.Rnw’ ‘tri.Rnw’
Error: Vignette re-building failed.
Execution halted
Flavor: r-release-macos-x86_64
Version: 1.1-5
Check: installed package size
Result: NOTE
installed size is 30.1Mb
sub-directories of 1Mb or more:
doc 1.0Mb
libs 28.7Mb
Flavor: r-oldrel-macos-arm64