CRAN Package Check Results for Package interimApp

Last updated on 2023-11-29 04:57:24 CET.

Flavor Version Tinstall Tcheck Ttotal Status Flags
r-devel-linux-x86_64-debian-clang 0.0.1 4.80 41.23 46.03 NOTE
r-devel-linux-x86_64-debian-gcc 0.0.1 3.66 32.17 35.83 NOTE
r-devel-linux-x86_64-fedora-clang 0.0.1 56.71 NOTE
r-devel-linux-x86_64-fedora-gcc 0.0.1 54.83 NOTE
r-devel-windows-x86_64 0.0.1 6.00 60.00 66.00 NOTE
r-patched-linux-x86_64 0.0.1 4.30 40.06 44.36 NOTE
r-release-linux-x86_64 0.0.1 2.81 40.13 42.94 NOTE
r-release-macos-arm64 0.0.1 22.00 NOTE
r-release-macos-x86_64 0.0.1 32.00 NOTE
r-release-windows-x86_64 0.0.1 6.00 61.00 67.00 NOTE
r-oldrel-macos-arm64 0.0.1 22.00 NOTE
r-oldrel-macos-x86_64 0.0.1 38.00 NOTE
r-oldrel-windows-x86_64 0.0.1 7.00 66.00 73.00 NOTE

Check Details

Version: 0.0.1
Check: LazyData
Result: NOTE 'LazyData' is specified without a 'data' directory Flavors: r-devel-linux-x86_64-debian-clang, r-devel-linux-x86_64-debian-gcc, r-devel-linux-x86_64-fedora-clang, r-devel-linux-x86_64-fedora-gcc, r-devel-windows-x86_64, r-patched-linux-x86_64, r-release-linux-x86_64, r-release-macos-arm64, r-release-macos-x86_64, r-release-windows-x86_64, r-oldrel-macos-arm64, r-oldrel-macos-x86_64, r-oldrel-windows-x86_64