Last updated on 2023-12-10 04:56:01 CET.
Flavor | Version | Tinstall | Tcheck | Ttotal | Status | Flags |
---|---|---|---|---|---|---|
r-devel-linux-x86_64-debian-clang | 0.1.1 | 12.71 | 155.26 | 167.97 | OK | |
r-devel-linux-x86_64-debian-gcc | 0.1.1 | 14.07 | 113.52 | 127.59 | OK | |
r-devel-linux-x86_64-fedora-clang | 0.1.1 | 207.82 | OK | |||
r-devel-linux-x86_64-fedora-gcc | 0.1.1 | 212.46 | OK | |||
r-devel-windows-x86_64 | 0.1.1 | 14.00 | 120.00 | 134.00 | OK | |
r-patched-linux-x86_64 | 0.1.1 | 11.91 | 145.63 | 157.54 | OK | |
r-release-linux-x86_64 | 0.1.1 | 10.77 | 144.46 | 155.23 | OK | |
r-release-macos-arm64 | 0.1.1 | 62.00 | OK | |||
r-release-macos-x86_64 | 0.1.1 | 257.00 | OK | |||
r-release-windows-x86_64 | 0.1.1 | 19.00 | 159.00 | 178.00 | OK | |
r-oldrel-macos-arm64 | 0.1.1 | 61.00 | OK | |||
r-oldrel-macos-x86_64 | 0.1.0 | 100.00 | NOTE | |||
r-oldrel-windows-x86_64 | 0.1.1 | 20.00 | 160.00 | 180.00 | OK |
Version: 0.1.0
Check: dependencies in R code
Result: NOTE
Namespaces in Imports field not imported from:
‘grDevices’ ‘methods’ ‘mlbench’ ‘parallel’ ‘utils’
All declared Imports should be used.
Flavor: r-oldrel-macos-x86_64