Last updated on 2023-12-11 04:51:08 CET.
Flavor | Version | Tinstall | Tcheck | Ttotal | Status | Flags |
---|---|---|---|---|---|---|
r-devel-linux-x86_64-debian-clang | 0.9-9 | 8.25 | 79.89 | 88.14 | NOTE | |
r-devel-linux-x86_64-debian-gcc | 0.9-9 | 7.02 | 61.23 | 68.25 | NOTE | |
r-devel-linux-x86_64-fedora-clang | 0.9-9 | 111.40 | NOTE | |||
r-devel-linux-x86_64-fedora-gcc | 0.9-9 | 109.79 | NOTE | |||
r-devel-windows-x86_64 | 0.9-9 | 9.00 | 78.00 | 87.00 | NOTE | |
r-patched-linux-x86_64 | 0.9-9 | 7.06 | 80.43 | 87.49 | NOTE | |
r-release-linux-x86_64 | 0.9-9 | 7.01 | 78.20 | 85.21 | NOTE | |
r-release-macos-arm64 | 0.9-9 | 37.00 | NOTE | |||
r-release-macos-x86_64 | 0.9-9 | 59.00 | NOTE | |||
r-release-windows-x86_64 | 0.9-9 | 12.00 | 87.00 | 99.00 | NOTE | |
r-oldrel-macos-arm64 | 0.9-9 | 36.00 | OK | |||
r-oldrel-macos-x86_64 | 0.9-9 | 60.00 | OK | |||
r-oldrel-windows-x86_64 | 0.9-9 | 12.00 | 97.00 | 109.00 | OK |
Version: 0.9-9
Check: Rd files
Result: NOTE
checkRd: (-1) school23.Rd:30: Escaped LaTeX specials: \&
checkRd: (-1) school23.Rd:35: Escaped LaTeX specials: \&
Flavors: r-devel-linux-x86_64-debian-clang, r-devel-linux-x86_64-debian-gcc, r-devel-linux-x86_64-fedora-clang, r-devel-linux-x86_64-fedora-gcc, r-devel-windows-x86_64, r-patched-linux-x86_64, r-release-linux-x86_64, r-release-macos-arm64, r-release-macos-x86_64, r-release-windows-x86_64