CRAN Package Check Results for Package indiedown

Last updated on 2023-11-28 04:57:21 CET.

Flavor Version Tinstall Tcheck Ttotal Status Flags
r-devel-linux-x86_64-debian-clang 0.1.1 2.85 37.71 40.56 NOTE
r-devel-linux-x86_64-debian-gcc 0.1.1 2.21 28.68 30.89 NOTE
r-devel-linux-x86_64-fedora-clang 0.1.1 50.23 NOTE
r-devel-linux-x86_64-fedora-gcc 0.1.1 58.46 NOTE
r-devel-windows-x86_64 0.1.1 5.00 53.00 58.00 NOTE
r-patched-linux-x86_64 0.1.1 2.07 36.34 38.41 NOTE
r-release-linux-x86_64 0.1.1 1.81 35.52 37.33 NOTE
r-release-macos-arm64 0.1.1 30.00 NOTE
r-release-macos-x86_64 0.1.1 41.00 NOTE
r-release-windows-x86_64 0.1.1 5.00 55.00 60.00 NOTE
r-oldrel-macos-arm64 0.1.1 22.00 NOTE
r-oldrel-macos-x86_64 0.1.1 36.00 NOTE
r-oldrel-windows-x86_64 0.1.1 5.00 59.00 64.00 NOTE

Check Details

Version: 0.1.1
Check: LazyData
Result: NOTE 'LazyData' is specified without a 'data' directory Flavors: r-devel-linux-x86_64-debian-clang, r-devel-linux-x86_64-debian-gcc, r-devel-linux-x86_64-fedora-clang, r-devel-linux-x86_64-fedora-gcc, r-devel-windows-x86_64, r-patched-linux-x86_64, r-release-linux-x86_64, r-release-macos-arm64, r-release-macos-x86_64, r-release-windows-x86_64, r-oldrel-macos-arm64, r-oldrel-macos-x86_64, r-oldrel-windows-x86_64