CRAN Package Check Results for Package impimp

Last updated on 2024-06-14 05:58:26 CEST.

Flavor Version Tinstall Tcheck Ttotal Status Flags
r-devel-linux-x86_64-debian-clang 0.3.1 1.81 24.73 26.54 NOTE
r-devel-linux-x86_64-debian-gcc 0.3.1 2.11 19.01 21.12 NOTE
r-devel-linux-x86_64-fedora-clang 0.3.1 34.09 NOTE
r-devel-linux-x86_64-fedora-gcc 0.3.1 32.61 NOTE
r-devel-windows-x86_64 0.3.1 3.00 41.00 44.00 NOTE
r-patched-linux-x86_64 0.3.1 2.94 23.26 26.20 NOTE
r-release-linux-x86_64 0.3.1 2.35 23.87 26.22 NOTE
r-release-macos-arm64 0.3.1 14.00 NOTE
r-release-macos-x86_64 0.3.1 23.00 NOTE
r-release-windows-x86_64 0.3.1 3.00 41.00 44.00 NOTE
r-oldrel-macos-arm64 0.3.1 15.00 NOTE
r-oldrel-macos-x86_64 0.3.1 22.00 NOTE
r-oldrel-windows-x86_64 0.3.1 6.00 40.00 46.00 NOTE

Check Details

Version: 0.3.1
Check: LazyData
Result: NOTE 'LazyData' is specified without a 'data' directory Flavors: r-devel-linux-x86_64-debian-clang, r-devel-linux-x86_64-debian-gcc, r-devel-linux-x86_64-fedora-clang, r-devel-linux-x86_64-fedora-gcc, r-devel-windows-x86_64, r-patched-linux-x86_64, r-release-linux-x86_64, r-release-macos-arm64, r-release-macos-x86_64, r-release-windows-x86_64, r-oldrel-macos-arm64, r-oldrel-macos-x86_64, r-oldrel-windows-x86_64