Last updated on 2023-09-27 06:02:10 CEST.
Flavor | Version | Tinstall | Tcheck | Ttotal | Status | Flags |
---|---|---|---|---|---|---|
r-devel-linux-x86_64-debian-clang | 0.3.1 | 2.26 | 24.09 | 26.35 | NOTE | |
r-devel-linux-x86_64-debian-gcc | 0.3.1 | 2.19 | 18.87 | 21.06 | NOTE | |
r-devel-linux-x86_64-fedora-clang | 0.3.1 | 32.63 | NOTE | |||
r-devel-linux-x86_64-fedora-gcc | 0.3.1 | 32.17 | NOTE | |||
r-devel-windows-x86_64 | 0.3.1 | 4.00 | 41.00 | 45.00 | NOTE | |
r-patched-linux-x86_64 | 0.3.1 | 2.87 | 23.21 | 26.08 | NOTE | |
r-release-linux-x86_64 | 0.3.1 | 1.79 | 22.98 | 24.77 | NOTE | |
r-release-macos-arm64 | 0.3.1 | 15.00 | NOTE | |||
r-release-macos-x86_64 | 0.3.1 | 22.00 | NOTE | |||
r-release-windows-x86_64 | 0.3.1 | 3.00 | 47.00 | 50.00 | NOTE | |
r-oldrel-macos-arm64 | 0.3.1 | 18.00 | NOTE | |||
r-oldrel-macos-x86_64 | 0.3.1 | 20.00 | NOTE | |||
r-oldrel-windows-x86_64 | 0.3.1 | 6.00 | 46.00 | 52.00 | NOTE |
Version: 0.3.1
Check: LazyData
Result: NOTE
'LazyData' is specified without a 'data' directory
Flavors: r-devel-linux-x86_64-debian-clang, r-devel-linux-x86_64-debian-gcc, r-devel-linux-x86_64-fedora-clang, r-devel-linux-x86_64-fedora-gcc, r-devel-windows-x86_64, r-patched-linux-x86_64, r-release-linux-x86_64, r-release-macos-arm64, r-release-macos-x86_64, r-release-windows-x86_64, r-oldrel-macos-arm64, r-oldrel-macos-x86_64, r-oldrel-windows-x86_64