CRAN Package Check Results for Package imola

Last updated on 2024-02-23 05:07:22 CET.

Flavor Version Tinstall Tcheck Ttotal Status Flags
r-devel-linux-x86_64-debian-clang 0.5.0 NOTE
r-devel-linux-x86_64-debian-gcc 0.5.0 5.32 46.94 52.26 NOTE
r-devel-linux-x86_64-fedora-clang 0.5.0 88.54 OK
r-devel-linux-x86_64-fedora-gcc 0.5.0 96.00 OK
r-devel-windows-x86_64 0.5.0 8.00 73.00 81.00 OK
r-patched-linux-x86_64 0.5.0 11.30 59.48 70.78 OK
r-release-linux-x86_64 0.5.0 6.10 58.72 64.82 OK
r-release-macos-arm64 0.5.0 41.00 OK
r-release-macos-x86_64 0.5.0 53.00 OK
r-release-windows-x86_64 0.5.0 9.00 76.00 85.00 OK
r-oldrel-macos-arm64 0.5.0 33.00 OK
r-oldrel-windows-x86_64 0.5.0 9.00 78.00 87.00 OK

Check Details

Version: 0.5.0
Check: Rd files
Result: NOTE checkRd: (-1) stringCSSRule.Rd:22: Lost braces 22 | using the {{placeholder}} convention. | ^ checkRd: (-1) stringTemplate.Rd:23: Lost braces 23 | placeholders are marked using the {{placeholder}} convention. | ^ checkRd: (-1) stringTemplate.Rd:12: Lost braces 12 | {{placeholder}} format.} | ^ Flavors: r-devel-linux-x86_64-debian-clang, r-devel-linux-x86_64-debian-gcc