CRAN Package Check Results for Package imola

Last updated on 2024-06-14 05:58:26 CEST.

Flavor Version Tinstall Tcheck Ttotal Status Flags
r-devel-linux-x86_64-debian-clang 0.5.0 5.63 64.13 69.76 NOTE
r-devel-linux-x86_64-debian-gcc 0.5.0 5.16 48.51 53.67 NOTE
r-devel-linux-x86_64-fedora-clang 0.5.0 87.40 NOTE
r-devel-linux-x86_64-fedora-gcc 0.5.0 97.06 NOTE
r-devel-windows-x86_64 0.5.0 6.00 73.00 79.00 NOTE
r-patched-linux-x86_64 0.5.0 11.83 60.32 72.15 NOTE
r-release-linux-x86_64 0.5.0 6.16 61.39 67.55 NOTE
r-release-macos-arm64 0.5.0 38.00 NOTE
r-release-macos-x86_64 0.5.0 57.00 NOTE
r-release-windows-x86_64 0.5.0 7.00 74.00 81.00 NOTE
r-oldrel-macos-arm64 0.5.0 41.00 OK
r-oldrel-macos-x86_64 0.5.0 53.00 OK
r-oldrel-windows-x86_64 0.5.0 9.00 81.00 90.00 OK

Check Details

Version: 0.5.0
Check: Rd files
Result: NOTE checkRd: (-1) stringCSSRule.Rd:22: Lost braces 22 | using the {{placeholder}} convention. | ^ checkRd: (-1) stringTemplate.Rd:23: Lost braces 23 | placeholders are marked using the {{placeholder}} convention. | ^ checkRd: (-1) stringTemplate.Rd:12: Lost braces 12 | {{placeholder}} format.} | ^ Flavors: r-devel-linux-x86_64-debian-clang, r-devel-linux-x86_64-debian-gcc, r-devel-linux-x86_64-fedora-clang, r-devel-linux-x86_64-fedora-gcc, r-devel-windows-x86_64, r-patched-linux-x86_64, r-release-linux-x86_64, r-release-macos-arm64, r-release-macos-x86_64, r-release-windows-x86_64

Version: 0.5.0
Check: package dependencies
Result: NOTE Packages suggested but not available for checking: 'testthat', 'rvest', 'devtools' Flavor: r-devel-linux-x86_64-debian-gcc