Last updated on 2023-12-07 04:56:25 CET.
Flavor | Version | Tinstall | Tcheck | Ttotal | Status | Flags |
---|---|---|---|---|---|---|
r-devel-linux-x86_64-debian-clang | 1.4-15 | 120.09 | 79.21 | 199.30 | NOTE | |
r-devel-linux-x86_64-debian-gcc | 1.4-15 | 82.93 | 60.31 | 143.24 | NOTE | |
r-devel-linux-x86_64-fedora-clang | 1.4-15 | 278.42 | OK | |||
r-devel-linux-x86_64-fedora-gcc | 1.4-15 | 275.83 | OK | |||
r-devel-windows-x86_64 | 1.4-15 | 85.00 | 99.00 | 184.00 | OK | |
r-patched-linux-x86_64 | 1.4-15 | 99.65 | 77.37 | 177.02 | OK | |
r-release-linux-x86_64 | 1.4-15 | 100.97 | 76.65 | 177.62 | OK | |
r-release-macos-arm64 | 1.4-15 | 69.00 | NOTE | |||
r-release-macos-x86_64 | 1.4-15 | 104.00 | OK | |||
r-release-windows-x86_64 | 1.4-15 | 114.00 | 118.00 | 232.00 | OK | |
r-oldrel-macos-arm64 | 1.4-15 | 70.00 | NOTE | |||
r-oldrel-macos-x86_64 | 1.4-15 | 85.00 | NOTE | |||
r-oldrel-windows-x86_64 | 1.4-15 | 104.00 | 119.00 | 223.00 | OK |
Version: 1.4-15
Check: Rd files
Result: NOTE
checkRd: (-1) immer_proc_data.Rd:77: Lost braces
77 | \code{A}{design matrix}
| ^
checkRd: (-1) immer_proc_data.Rd:78: Lost braces
78 | \code{itemtable2}{Processed item table}
| ^
Flavors: r-devel-linux-x86_64-debian-clang, r-devel-linux-x86_64-debian-gcc
Version: 1.4-15
Check: installed package size
Result: NOTE
installed size is 5.0Mb
sub-directories of 1Mb or more:
libs 4.2Mb
Flavors: r-release-macos-arm64, r-oldrel-macos-arm64, r-oldrel-macos-x86_64