Last updated on 2023-12-11 04:51:08 CET.
Flavor | Version | Tinstall | Tcheck | Ttotal | Status | Flags |
---|---|---|---|---|---|---|
r-devel-linux-x86_64-debian-clang | 0.11.1 | 19.67 | 425.47 | 445.14 | NOTE | |
r-devel-linux-x86_64-debian-gcc | 0.11.1 | 13.83 | 287.05 | 300.88 | NOTE | |
r-devel-linux-x86_64-fedora-clang | 0.11.1 | 513.99 | OK | |||
r-devel-linux-x86_64-fedora-gcc | 0.11.1 | 486.70 | OK | |||
r-devel-windows-x86_64 | 0.11.1 | 16.00 | 238.00 | 254.00 | OK | |
r-patched-linux-x86_64 | 0.11.1 | 20.44 | 362.06 | 382.50 | OK | |
r-release-linux-x86_64 | 0.11.1 | 15.42 | 355.29 | 370.71 | OK | |
r-release-macos-arm64 | 0.11.1 | 163.00 | OK | |||
r-release-macos-x86_64 | 0.11.1 | 226.00 | OK | |||
r-release-windows-x86_64 | 0.11.1 | 23.00 | 298.00 | 321.00 | OK | |
r-oldrel-macos-arm64 | 0.11.1 | 148.00 | OK | |||
r-oldrel-macos-x86_64 | 0.11.1 | 168.00 | OK | |||
r-oldrel-windows-x86_64 | 0.11.1 | 20.00 | 293.00 | 313.00 | OK |
Version: 0.11.1
Check: Rd files
Result: NOTE
checkRd: (-1) plot.FeatureEffects.Rd:32: Lost braces; missing escapes or markup?
32 | In contrast to other plot methods in {iml}, for FeatureEffects the returned
| ^
Flavors: r-devel-linux-x86_64-debian-clang, r-devel-linux-x86_64-debian-gcc