CRAN Package Check Results for Package imgrec

Last updated on 2023-11-28 04:57:21 CET.

Flavor Version Tinstall Tcheck Ttotal Status Flags
r-devel-linux-x86_64-debian-clang 0.1.3 5.27 47.37 52.64 OK
r-devel-linux-x86_64-debian-gcc 0.1.3 4.00 35.81 39.81 OK
r-devel-linux-x86_64-fedora-clang 0.1.3 66.34 NOTE
r-devel-linux-x86_64-fedora-gcc 0.1.3 72.48 NOTE
r-devel-windows-x86_64 0.1.3 6.00 58.00 64.00 OK
r-patched-linux-x86_64 0.1.3 4.37 44.98 49.35 OK
r-release-linux-x86_64 0.1.3 5.36 44.66 50.02 OK
r-release-macos-arm64 0.1.3 33.00 OK
r-release-macos-x86_64 0.1.3 48.00 OK
r-release-windows-x86_64 0.1.3 7.00 61.00 68.00 OK
r-oldrel-macos-arm64 0.1.3 26.00 NOTE
r-oldrel-macos-x86_64 0.1.3 43.00 NOTE
r-oldrel-windows-x86_64 0.1.3 7.00 67.00 74.00 OK

Check Details

Version: 0.1.3
Check: dependencies in R code
Result: NOTE Namespace in Imports field not imported from: ‘knitr’ All declared Imports should be used. Flavors: r-devel-linux-x86_64-fedora-clang, r-devel-linux-x86_64-fedora-gcc, r-oldrel-macos-arm64, r-oldrel-macos-x86_64