Last updated on 2023-12-01 04:53:58 CET.
Flavor | Version | Tinstall | Tcheck | Ttotal | Status | Flags |
---|---|---|---|---|---|---|
r-devel-linux-x86_64-debian-clang | 1.0.2.1 | 58.63 | 113.49 | 172.12 | NOTE | |
r-devel-linux-x86_64-debian-gcc | 1.0.2.1 | 42.14 | 79.77 | 121.91 | NOTE | |
r-devel-linux-x86_64-fedora-clang | 1.0.2.1 | 253.23 | NOTE | |||
r-devel-linux-x86_64-fedora-gcc | 1.0.2.1 | 250.65 | NOTE | |||
r-devel-windows-x86_64 | 1.0.2.1 | 49.00 | 137.00 | 186.00 | NOTE | |
r-patched-linux-x86_64 | 1.0.2.1 | 50.59 | 104.67 | 155.26 | NOTE | |
r-release-linux-x86_64 | 1.0.2.1 | 48.22 | 105.76 | 153.98 | NOTE | |
r-release-macos-arm64 | 1.0.2.1 | 68.00 | NOTE | |||
r-release-macos-x86_64 | 1.0.2.1 | 109.00 | NOTE | |||
r-release-windows-x86_64 | 1.0.2.1 | 62.00 | 139.00 | 201.00 | NOTE | |
r-oldrel-macos-arm64 | 1.0.2.1 | 48.00 | OK | |||
r-oldrel-macos-x86_64 | 1.0.2.1 | 92.00 | OK | |||
r-oldrel-windows-x86_64 | 1.0.2.1 | 62.00 | 146.00 | 208.00 | OK |
Version: 1.0.2.1
Check: C++ specification
Result: NOTE
Specified C++11: please drop specification unless essential
Flavors: r-devel-linux-x86_64-debian-clang, r-devel-linux-x86_64-debian-gcc, r-devel-linux-x86_64-fedora-clang, r-devel-linux-x86_64-fedora-gcc, r-devel-windows-x86_64, r-patched-linux-x86_64, r-release-linux-x86_64, r-release-macos-arm64, r-release-macos-x86_64, r-release-windows-x86_64
Version: 1.0.2.1
Check: Rd files
Result: NOTE
checkRd: (-1) oversample.Rd:23-24: Lost braces
23 | minority examples and majority ones, that is, the quotient {size of
| ^
checkRd: (-1) oversample.Rd:24: Lost braces; missing escapes or markup?
24 | minority class}/{size of majority class}. There are methods, such as
| ^
Flavors: r-devel-linux-x86_64-debian-clang, r-devel-linux-x86_64-debian-gcc